{"id":530,"date":"2019-09-06T14:22:43","date_gmt":"2019-09-06T12:22:43","guid":{"rendered":"https:\/\/www.griffbereit-rucksack.de\/?page_id=530"},"modified":"2023-10-12T12:36:18","modified_gmt":"2023-10-12T10:36:18","slug":"griffbereit","status":"publish","type":"page","link":"https:\/\/www.griffbereit-rucksack.de\/tr\/griffbereit\/","title":{"rendered":"Griffbereit"},"content":{"rendered":"<h2><strong>Ho\u015f geldiniz <em>Griffbereit<\/em><\/strong><\/h2>\n<p><strong>Daha fazla ebeveyn-\u00e7ocuk etkile\u015fimi - \u00e7ok dillilik i\u00e7in<\/strong><\/p>\n\t<p><strong><em>Griffbereit<\/em><\/strong> uluslararas\u0131 aile ge\u00e7mi\u015fi olan ve olmayan ebeveynler\/aileler ve bir ila \u00fc\u00e7 ya\u015f aras\u0131ndaki \u00e7ocuklar\u0131 i\u00e7in bir dil ve aile e\u011fitim program\u0131d\u0131r. Odak noktas\u0131, (\u00e7oklu) dil geli\u015fimini g\u00fc\u00e7lendirmek i\u00e7in ebeveyn-\u00e7ocuk etkile\u015fimidir.<\/p>\n<p>Bu program\u0131n k\u00f6keni Hollanda'ya dayanmaktad\u0131r. Denenmi\u015f ve test edilmi\u015f <em>Bij de Hand<\/em> IKEEP \u00e7al\u0131\u015fma grubundan ba\u015flayarak 1999 y\u0131l\u0131nda Almanya i\u00e7in uyarlanm\u0131\u015f, tamamlanm\u0131\u015f ve daha da geli\u015ftirilmi\u015ftir. <em>(\u0130lk\u00f6\u011fretim ve Temel E\u011fitimde K\u00fclt\u00fcrleraras\u0131 Geli\u015fim)<\/em> NRW'deki o zamanki RAA'n\u0131n[1] Program <em>Griffbereit<\/em> art\u0131k NRW d\u0131\u015f\u0131nda da ba\u015far\u0131yla y\u00fcr\u00fct\u00fclmektedir. Bu <em>Ulusal Koordinasyon Merkezleri<\/em> (LaKos) 2013 y\u0131l\u0131ndan bu yana uygulamaya y\u00f6n vermekte ve e\u015flik etmektedir. Program di\u011fer Avrupa \u00fclkelerinde de ba\u015far\u0131yla uygulanmaktad\u0131r.<\/p>\n\t\t\t<a href=\"https:\/\/www.griffbereit-rucksack.de\/tr\/griffbereit\/angebot-griffbereit\/\" target=\"_self\" role=\"button\" rel=\"noopener\">\n\t\t\t\t\t\t\tTEKL\u0130F\n\t\t\t<\/a>\n\t\t\t<a href=\"https:\/\/www.griffbereit-rucksack.de\/tr\/griffbereit\/ablauf-griffbereit\/\" target=\"_self\" role=\"button\" rel=\"noopener\">\n\t\t\t\t\t\t\tG\u00dcNCEL\n\t\t\t<\/a>\n\t\t\t<a href=\"https:\/\/www.griffbereit-rucksack.de\/tr\/griffbereit\/zielgruppen-griffbereit\/\" target=\"_self\" role=\"button\" rel=\"noopener\">\n\t\t\t\t\t\t\tHEDEF GRUPLAR\n\t\t\t<\/a>\n\t<iframe width=\"560\" height=\"315\" src=\"https:\/\/www.youtube.com\/embed\/g3dW79XKV24\" frameborder=\"0\" allow=\"accelerometer; autoplay; clipboard-write; encrypted-media; gyroscope; picture-in-picture\" allowfullscreen><\/iframe>\n\t<p>Program, kre\u015fler, aile merkezleri veya aile e\u011fitim merkezlerinin yan\u0131 s\u0131ra g\u00f6\u00e7men organizasyonlar\u0131, entegrasyon kurslar\u0131, \u00e7ok ku\u015fakl\u0131 evler ba\u011flam\u0131nda sunulmaktad\u0131r.<a href=\"#_ftn1\" name=\"_ftnref1\">[1]<\/a>vb. Bu sayede aileler, \u00e7ocuklar\u0131n\u0131n ya\u015fad\u0131klar\u0131 ve \u00f6\u011frendikleri yerleri erken bir a\u015famada tan\u0131ma ve \u015fekillendirilmesine aktif olarak kat\u0131lma f\u0131rsat\u0131 bulmaktad\u0131r.<\/p>\n<p><strong><em>Griffbereit<\/em><\/strong><strong> g\u00fcnd\u00fcz bak\u0131m\u0131na giri\u015f seviyesi teklifi olarak da hizmet edebilir.<\/strong><\/p>\n<p><a href=\"#_ftnref1\" name=\"_ftn1\">[1]<\/a> Federal devlete ba\u011fl\u0131 olarak<\/p>\n<p>&nbsp;<\/p>","protected":false},"excerpt":{"rendered":"<div class=\"entry-summary\">\n<div class=\"entry-summary\">\nGriffbereit'ye Ho\u015f Geldiniz Daha Fazla Ebeveyn-\u00c7ocuk Etkile\u015fimi - Daha Fazla Dil i\u00e7in Griffbereit, \u00e7ocuk sahibi olan ve olmayan ebeveynler\/aileler i\u00e7in bir dil ve aile e\u011fitim...\n<\/div>\n<div class=\"link-more\"><a href=\"https:\/\/www.griffbereit-rucksack.de\/tr\/griffbereit\/\" class=\"more-link\">Okumaya devam edin<span class=\"screen-reader-text\"> \"Griffbereit\"<\/span>...<\/a><\/div>\n<\/div>\n<div class=\"link-more\"><a href=\"https:\/\/www.griffbereit-rucksack.de\/tr\/griffbereit\/\" class=\"more-link\">Okumaya devam edin<span class=\"screen-reader-text\"> \"Griffbereit\"<\/span>...<\/a><\/div>","protected":false},"author":1,"featured_media":0,"parent":0,"menu_order":0,"comment_status":"closed","ping_status":"closed","template":"templates\/subpages.php","meta":{"_acf_changed":false,"footnotes":""},"class_list":["post-530","page","type-page","status-publish","hentry","entry"],"acf":[],"_links":{"self":[{"href":"https:\/\/www.griffbereit-rucksack.de\/tr\/wp-json\/wp\/v2\/pages\/530","targetHints":{"allow":["GET"]}}],"collection":[{"href":"https:\/\/www.griffbereit-rucksack.de\/tr\/wp-json\/wp\/v2\/pages"}],"about":[{"href":"https:\/\/www.griffbereit-rucksack.de\/tr\/wp-json\/wp\/v2\/types\/page"}],"author":[{"embeddable":true,"href":"https:\/\/www.griffbereit-rucksack.de\/tr\/wp-json\/wp\/v2\/users\/1"}],"replies":[{"embeddable":true,"href":"https:\/\/www.griffbereit-rucksack.de\/tr\/wp-json\/wp\/v2\/comments?post=530"}],"version-history":[{"count":0,"href":"https:\/\/www.griffbereit-rucksack.de\/tr\/wp-json\/wp\/v2\/pages\/530\/revisions"}],"wp:attachment":[{"href":"https:\/\/www.griffbereit-rucksack.de\/tr\/wp-json\/wp\/v2\/media?parent=530"}],"curies":[{"name":"wp","href":"https:\/\/api.w.org\/{rel}","templated":true}]}}

<h2><strong>Hoş geldiniz <em>Griffbereit</em></strong></h2>
<p><strong>Daha fazla ebeveyn-çocuk etkileşimi - çok dillilik için</strong></p>
	<p><strong><em>Griffbereit</em></strong> uluslararası aile geçmişi olan ve olmayan ebeveynler/aileler ve bir ila üç yaş arasındaki çocukları için bir dil ve aile eğitim programıdır. Odak noktası, (çoklu) dil gelişimini güçlendirmek için ebeveyn-çocuk etkileşimidir.</p>
<p>Bu programın kökeni Hollanda'ya dayanmaktadır. Denenmiş ve test edilmiş <em>Bij de Hand</em> IKEEP çalışma grubundan başlayarak 1999 yılında Almanya için uyarlanmış, tamamlanmış ve daha da geliştirilmiştir. <em>(İlköğretim ve Temel Eğitimde Kültürlerarası Gelişim)</em> NRW'deki o zamanki RAA'nın[1] Program <em>Griffbereit</em> artık NRW dışında da başarıyla yürütülmektedir. Bu <em>Ulusal Koordinasyon Merkezleri</em> (LaKos) 2013 yılından bu yana uygulamaya yön vermekte ve eşlik etmektedir. Program diğer Avrupa ülkelerinde de başarıyla uygulanmaktadır.</p>
			<a href="https://www.griffbereit-rucksack.de/tr/griffbereit/angebot-griffbereit/" target="_self" role="button" rel="noopener">
							TEKLİF
			</a>
			<a href="https://www.griffbereit-rucksack.de/tr/griffbereit/ablauf-griffbereit/" target="_self" role="button" rel="noopener">
							GÜNCEL
			</a>
			<a href="https://www.griffbereit-rucksack.de/tr/griffbereit/zielgruppen-griffbereit/" target="_self" role="button" rel="noopener">
							HEDEF GRUPLAR
			</a>
	<iframe width="560" height="315" src="https://www.youtube.com/embed/g3dW79XKV24" frameborder="0" allow="accelerometer; autoplay; clipboard-write; encrypted-media; gyroscope; picture-in-picture" allowfullscreen></iframe>
	<p>Program, kreşler, aile merkezleri veya aile eğitim merkezlerinin yanı sıra göçmen organizasyonları, entegrasyon kursları, çok kuşaklı evler bağlamında sunulmaktadır.<a href="#_ftn1" name="_ftnref1">[1]</a>vb. Bu sayede aileler, çocuklarının yaşadıkları ve öğrendikleri yerleri erken bir aşamada tanıma ve şekillendirilmesine aktif olarak katılma fırsatı bulmaktadır.</p>
<p><strong><em>Griffbereit</em></strong><strong> gündüz bakımına giriş seviyesi teklifi olarak da hizmet edebilir.</strong></p>
<p><a href="#_ftnref1" name="_ftn1">[1]</a> Federal devlete bağlı olarak</p>
<p>&nbsp;</p>

<div class="entry-summary">
<div class="entry-summary">
Griffbereit'ye Hoş Geldiniz Daha Fazla Ebeveyn-Çocuk Etkileşimi - Daha Fazla Dil için Griffbereit, çocuk sahibi olan ve olmayan ebeveynler/aileler için bir dil ve aile eğitim...
</div>
<div class="link-more"><a href="https://www.griffbereit-rucksack.de/tr/griffbereit/" class="more-link">Okumaya devam edin<span class="screen-reader-text"> "Griffbereit"</span>...</a></div>
</div>
<div class="link-more"><a href="https://www.griffbereit-rucksack.de/tr/griffbereit/" class="more-link">Okumaya devam edin<span class="screen-reader-text"> "Griffbereit"</span>...</a></div>
