{"id":12388,"date":"2023-05-03T13:25:22","date_gmt":"2023-05-03T11:25:22","guid":{"rendered":"https:\/\/www.griffbereit-rucksack.de\/?page_id=12388"},"modified":"2023-05-03T13:25:22","modified_gmt":"2023-05-03T11:25:22","slug":"griffbereitmini-material","status":"publish","type":"page","link":"https:\/\/www.griffbereit-rucksack.de\/tr\/griffbereitmini-material\/","title":{"rendered":"griffbereitMINI malzeme"},"content":{"rendered":"<h2>\n\t\tBir bak\u0131\u015fta Griffbereit malzemeleri\n\t<\/h2>\n\t<p>Komple paket \u015funlardan olu\u015fur:<\/p>\n<ul>\n<li>griffbereitMINI \u00e7al\u0131\u015fmas\u0131na temel haz\u0131rl\u0131k ve giri\u015f i\u00e7in grup kolayla\u015ft\u0131r\u0131c\u0131lar\u0131na y\u00f6nelik el kitab\u0131<\/li>\n<li>griffbereitMINI grubunda \u00e7ok dilli \u00e7al\u0131\u015fmalar\u0131n hedefe y\u00f6nelik planlanmas\u0131 ve haz\u0131rlanmas\u0131 i\u00e7in tamamlay\u0131c\u0131 materyaller<\/li>\n<\/ul>","protected":false},"excerpt":{"rendered":"<div class=\"entry-summary\">\n<div class=\"entry-summary\">\nBir bak\u0131\u015fta Griffbereit materyalleri Paketin tamam\u0131 \u015funlardan olu\u015fmaktad\u0131r: Temel haz\u0131rl\u0131k ve giri\u015f i\u00e7in grup kolayla\u015ft\u0131r\u0131c\u0131lar\u0131 i\u00e7in el kitab\u0131...\n<\/div>\n<div class=\"link-more\"><a href=\"https:\/\/www.griffbereit-rucksack.de\/tr\/griffbereitmini-material\/\" class=\"more-link\">Okumaya devam edin<span class=\"screen-reader-text\"> \"griffbereitMINI malzeme\"<\/span>...<\/a><\/div>\n<\/div>\n<div class=\"link-more\"><a href=\"https:\/\/www.griffbereit-rucksack.de\/tr\/griffbereitmini-material\/\" class=\"more-link\">Okumaya devam edin<span class=\"screen-reader-text\"> \"griffbereitMINI malzeme\"<\/span>...<\/a><\/div>","protected":false},"author":1,"featured_media":0,"parent":0,"menu_order":0,"comment_status":"closed","ping_status":"closed","template":"","meta":{"_acf_changed":false,"footnotes":""},"class_list":["post-12388","page","type-page","status-publish","hentry","entry"],"acf":[],"_links":{"self":[{"href":"https:\/\/www.griffbereit-rucksack.de\/tr\/wp-json\/wp\/v2\/pages\/12388","targetHints":{"allow":["GET"]}}],"collection":[{"href":"https:\/\/www.griffbereit-rucksack.de\/tr\/wp-json\/wp\/v2\/pages"}],"about":[{"href":"https:\/\/www.griffbereit-rucksack.de\/tr\/wp-json\/wp\/v2\/types\/page"}],"author":[{"embeddable":true,"href":"https:\/\/www.griffbereit-rucksack.de\/tr\/wp-json\/wp\/v2\/users\/1"}],"replies":[{"embeddable":true,"href":"https:\/\/www.griffbereit-rucksack.de\/tr\/wp-json\/wp\/v2\/comments?post=12388"}],"version-history":[{"count":0,"href":"https:\/\/www.griffbereit-rucksack.de\/tr\/wp-json\/wp\/v2\/pages\/12388\/revisions"}],"wp:attachment":[{"href":"https:\/\/www.griffbereit-rucksack.de\/tr\/wp-json\/wp\/v2\/media?parent=12388"}],"curies":[{"name":"wp","href":"https:\/\/api.w.org\/{rel}","templated":true}]}}

<h2>
		Bir bakışta Griffbereit malzemeleri
	</h2>
	<p>Komple paket şunlardan oluşur:</p>
<ul>
<li>griffbereitMINI çalışmasına temel hazırlık ve giriş için grup kolaylaştırıcılarına yönelik el kitabı</li>
<li>griffbereitMINI grubunda çok dilli çalışmaların hedefe yönelik planlanması ve hazırlanması için tamamlayıcı materyaller</li>
</ul>

<div class="entry-summary">
<div class="entry-summary">
Bir bakışta Griffbereit materyalleri Paketin tamamı şunlardan oluşmaktadır: Temel hazırlık ve giriş için grup kolaylaştırıcıları için el kitabı...
</div>
<div class="link-more"><a href="https://www.griffbereit-rucksack.de/tr/griffbereitmini-material/" class="more-link">Okumaya devam edin<span class="screen-reader-text"> "griffbereitMINI malzeme"</span>...</a></div>
</div>
<div class="link-more"><a href="https://www.griffbereit-rucksack.de/tr/griffbereitmini-material/" class="more-link">Okumaya devam edin<span class="screen-reader-text"> "griffbereitMINI malzeme"</span>...</a></div>
