{"id":13039,"date":"2023-11-05T11:50:01","date_gmt":"2023-11-05T10:50:01","guid":{"rendered":"https:\/\/www.griffbereit-rucksack.de\/?page_id=13039"},"modified":"2023-11-29T16:47:55","modified_gmt":"2023-11-29T15:47:55","slug":"eb-konferenz-fachforen-digital","status":"publish","type":"page","link":"https:\/\/www.griffbereit-rucksack.de\/it\/eb-konferenz-fachforen-digital\/","title":{"rendered":"Conferenza EB - Forum digitali"},"content":{"rendered":"<h1><strong>Conferenza EB digitale<\/strong><\/h1>\n<p>Con la conferenza nazionale dei genitori mentori, desideriamo onorare il suo lavoro come genitore mentore e darle l'opportunit\u00e0 di informarsi sugli sviluppi e i temi attuali e di discutere gli approcci in vari forum specializzati. La conferenza offrir\u00e0 anche l'opportunit\u00e0 di scambiare informazioni sui programmi e sui loro approcci di lavoro, nonch\u00e9 di fare rete.<\/p>\n<p>&nbsp;<\/p>\n<p>&nbsp;<\/p>\n<p>&nbsp;<\/p>\n<p>&nbsp;<\/p>\n\t<h3><strong>04.12.23<\/strong><\/h3>\n\t<h3><strong>09:45 &#8211; 16:00 Uhr<br \/>\n<\/strong><\/h3>\n\t<h3><strong>DIGITALE<\/strong><\/h3>\n<h2>\n\t\tORARIO DIGITALE\n\t<\/h2>\n\t<table>\n<tbody>\n<tr>\n<td width=\"92\">09:45.<\/td>\n<td width=\"444\">Apertura\n<p><strong>Saluto Muchtar Al Ghusain<\/strong>Capo del Dipartimento per i Giovani, l'Educazione e la Cultura della Citt\u00e0 di Essen<\/p>\n<strong>Saluto del Ministro Josefine Paul<\/strong>Ministero per i Bambini, i Giovani, la Famiglia, l'Uguaglianza, i Rifugiati e l'Integrazione dello Stato del Nord Reno-Westfalia (MKJFGFI)<\/td>\n<\/tr>\n<tr>\n<td width=\"92\">10:30.<\/td>\n<td width=\"444\"><strong>Keynote: Educazione al plurilinguismo nei Paesi Bassi. <\/strong><strong>La societ\u00e0 della migrazione<\/strong> (Sprachpolitik in Familien und Kitas)\nProf. Dr. Julie A. Panagiotopoulou, Universit\u00e4t zu K\u00f6ln<\/td>\n<\/tr>\n<tr>\n<td width=\"92\">12:00<\/td>\n<td width=\"444\"><strong>Presentazione del nuovo film griffbereitMINI<\/strong><\/td>\n<\/tr>\n<tr>\n<td width=\"92\">12:30<\/td>\n<td width=\"444\"><strong>Pausa pranzo<\/strong><\/td>\n<\/tr>\n<tr>\n<td width=\"92\">14.00<\/td>\n<td width=\"444\"><strong>Forum specializzati<\/strong><\/td>\n<\/tr>\n<tr>\n<td width=\"92\">16:00<\/td>\n<td width=\"444\"><strong>Fine dell'evento<\/strong><\/td>\n<\/tr>\n<\/tbody>\n<\/table>\n<h2>\n\t\tFORUM DIGITALI\n\t<\/h2>\n<div class=\"wm-tabs clearfix layout-top\" data-active=\"1\"><ul class=\"wm-tab-links wm-tab-count-5\"><li class=\"wm-tab-items-fachforum1_388\"><a href=\"#fachforum1_388\" data-tab=\"#fachforum1_388\">forum di esperti 1<\/a><\/li><li class=\"wm-tab-items-fachforum2_194\"><a href=\"#fachforum2_194\" data-tab=\"#fachforum2_194\">forum di esperti 2<\/a><\/li><li class=\"wm-tab-items-fachforum3_962\"><a href=\"#fachforum3_962\" data-tab=\"#fachforum3_962\">forum di esperti 3<\/a><\/li><li class=\"wm-tab-items-fachforum4_208\"><a href=\"#fachforum4_208\" data-tab=\"#fachforum4_208\">forum di esperti 4<\/a><\/li><li class=\"wm-tab-items-fachforum5_299\"><a href=\"#fachforum5_299\" data-tab=\"#fachforum5_299\">forum di esperti 5<\/a><\/li><\/ul><div class=\"wm-tabs-items\">\r\n<div class=\"wm-item wm-item-wrap fachforum1_388\" id=\"fachforum1_388\" data-title=\"fachforum1_388&&fachforum 1\"><h3 class=\"screen-reader-text wm-item-title\">forum di esperti 1<\/h3><p>Titolo: <strong>App geht`s?! &#8211; Digitale Medien in der Elternbegleitung nutzen!<\/strong><br \/>Relatore: <strong>Johannes Wenzel<\/strong>, responsabile dei media, M\u00fcnster, Blickwechsel e.V.<strong>Relatore:<\/strong> Johannes Wentzel lavora da oltre 21 anni nel lavoro scolastico ed extrascolastico con bambini e giovani e nella formazione degli adulti. In collaborazione con asili, centri per le famiglie, scuole, istituti professionali, centri di formazione familiare, centri di formazione per adulti, universit\u00e0, biblioteche, strutture di formazione continua e istituzioni comunali, offre corsi di formazione, workshop, eventi informativi, serate per i genitori e media training per moltiplicatori, insegnanti, educatori, genitori e alunni sul tema dell'uso responsabile e creativo dei media digitali.<strong>Breve descrizione:<\/strong> I consulenti per i genitori possono anche fornire molti consigli e impulsi importanti sul tema dei media digitali e sostenere i genitori in un uso riflessivo dei media in famiglia. I media digitali dovrebbero essere utilizzati con creativit\u00e0 e divertimento all'interno della famiglia e quando si accompagnano i genitori. I seguenti argomenti, ad esempio, svolgeranno un ruolo importante:<\/p>\n<ul>\n<li>In quali mondi mediatici (digitali) viaggiano oggi le famiglie?<\/li>\n<li>Mediennutzung und kindliche Entwicklung &#8211; wie passt das zusammen?<\/li>\n<li>Usare le esperienze mediatiche come un'opportunit\u00e0 per parlare<\/li>\n<li>Utilizzi le app in modo creativo e insieme!<\/li>\n<\/ul>\n<p><strong>Il forum specialistico \u00e8 purtroppo al completo. La preghiamo di selezionare un'alternativa digitale.<\/strong><\/p>\n<\/div>\r\n\r\n<div class=\"wm-item wm-item-wrap fachforum2_194\" id=\"fachforum2_194\" data-title=\"fachforum2_194&&fachforum 2\"><h3 class=\"screen-reader-text wm-item-title\">forum di esperti 2<\/h3><p>Titolo: <strong>griffbereitMINI &#8211; Ein Familienbildungsprogramm zur Sprachbildung unter Wertsch\u00e4tzung der Mehrsprachigkeit von Anfang an<\/strong><br \/>Relatore: <strong>Philipp Tillmann, <\/strong>KI Dortmund<strong>Relatore:<\/strong> Il signor Tilmann ha una formazione da insegnante di scuola primaria e lavora presso il Centro Comunale di Integrazione della Citt\u00e0 di Dortmund dal 2017. Qui coordina il programma di educazione familiare Griffbereit ed \u00e8 la persona di contatto per i temi dell'educazione linguistica e del multilinguismo nelle scuole primarie. Ha anche svolto un ruolo di primo piano nello sviluppo del nuovo programma di educazione familiare griffbereitMINI e attualmente ne sostiene l'attuazione a livello nazionale.<strong>Breve descrizione:<\/strong> griffbereitMINI \u00e8 il primo programma per famiglie con bambini fino a un anno di et\u00e0 che si concentra sullo sviluppo del linguaggio. Mira a sensibilizzare le famiglie sull'importanza dello sviluppo del linguaggio fin dall'inizio e a incoraggiarle a comunicare con il loro bambino il pi\u00f9 possibile e nel maggior numero di modi diversi fin dall'et\u00e0 pre-verbale. Dopo la presentazione delle condizioni quadro strutturali del programma, verranno utilizzati degli esempi per fornire approfondimenti sull'attuazione pratica concreta.<strong>Il forum specialistico \u00e8 purtroppo al completo. La preghiamo di selezionare un'alternativa digitale.<\/strong><\/p>\n<\/div>\r\n\r\n<div class=\"wm-item wm-item-wrap fachforum3_962\" id=\"fachforum3_962\" data-title=\"fachforum3_962&&fachforum 3\"><h3 class=\"screen-reader-text wm-item-title\">forum di esperti 3<\/h3><p>Titolo: <strong>Sensibilit\u00e0 alla povert\u00e0 (infantile) nel lavoro educativo<\/strong><br \/>Relatore:<strong> Sarah Vazquez<\/strong>, Moderation &#8211; Fortbildung &#8211; Beratung<strong><br \/><\/strong><strong>Relatore:<\/strong> Sarah Vazquez lavora come relatrice freelance, moderatrice e facilitatrice di processi nel campo dell'educazione (precoce) e del networking comunitario.<br \/>Ha studiato lavoro sociale, \u00e8 riconosciuta dallo Stato come educatrice, ha una formazione come consulente orientata alle soluzioni e attualmente sta studiando la consulenza sistemica.<br \/>Le sue aree di competenza comprendono la sensibilit\u00e0 alla povert\u00e0 infantile, il lavoro digitale (collaborativo), lo sviluppo di team e organizzazioni e il femminismo.<strong>Breve descrizione: <\/strong>Oltre alle conoscenze e alle competenze, una componente importante dell'azione sensibile alla povert\u00e0 \u00e8 il proprio atteggiamento sensibile alla povert\u00e0 e la propria professionalit\u00e0 autoriflessiva. Per svilupparle o rafforzarle, sono necessari lo scambio e la riflessione.<\/p>\n<\/div>\r\n\r\n<div class=\"wm-item wm-item-wrap fachforum4_208\" id=\"fachforum4_208\" data-title=\"fachforum4_208&&fachforum 4\"><h3 class=\"screen-reader-text wm-item-title\">forum di esperti 4<\/h3><p>Titolo: <strong>Il multilinguismo nell'interazione tra pari<\/strong><br \/>Relatore: <strong>La dottoressa Claudia Seele, <\/strong>Centro specializzato per il multilinguismo, LaKo Mecklenburg-Vorpommern<strong>Relatore:<\/strong> Dr. Claudia Seele &#8211; Erziehungswissenschaftlerin und Leiterin der Fachstelle Mehrsprachigkeit MV, ein Projekt der RAA &#8211; Demokratie und Bildung Mecklenburg-Vorpommern e. V.<strong>Breve descrizione:\u00a0<\/strong>Come pu\u00f2 una percezione positiva del multilinguismo aiutare a sostenere i bambini nel loro sviluppo linguistico? Vengono mostrati diversi modi di affrontare il multilinguismo, utilizzando esempi di osservazioni da asili nido.<\/p>\n<\/div>\r\n\r\n<div class=\"wm-item wm-item-wrap fachforum5_299\" id=\"fachforum5_299\" data-title=\"fachforum5_299&&fachforum 5\"><h3 class=\"screen-reader-text wm-item-title\">forum di esperti 5<\/h3><p>Titolo: <strong>Musica e linguaggio: come le canzoni promuovono lo sviluppo del linguaggio e sostengono il multilinguismo<\/strong><br \/>Relatore: <strong>Hayat Chaoui<\/strong>Mondo della musica NRW<strong>Relatore: <\/strong>Nachdem Hayat Chaoui das Staatsexamen ihres Lehramt-Studiums in den F\u00e4chern Franz\u00f6sisch und Englisch in Mainz ablegte, begann sie ihr Gesangsstudium an der Hochschule f\u00fcr Musik und Tanz in K\u00f6ln. Dieses schloss sie unter anderem mit dem Diplom Gesangsp\u00e4dagogik ab &#8211; nicht fern liegt es da, dass sie auch beruflich das P\u00e4dagogische mit dem Musikalischen verbindet.\u00a0<strong>Breve descrizione:<\/strong> Quali sono le opportunit\u00e0 che una combinazione a bassa soglia di musica e lingua apre alle famiglie per incontrarsi in un ambiente sociale multilingue? L'attenzione si concentra sull'integrazione e sul valore aggiunto associato alle canzoni multilingue per bambini nella vita quotidiana.<strong>Il forum specialistico \u00e8 purtroppo al completo. La preghiamo di selezionare un'alternativa digitale.<\/strong><\/p>\n<\/div>\r\n<\/div><\/div><h2>\n\t\tLA PREGHIAMO DI SELEZIONARE UN FORUM SPECIALISTICO OLTRE A REGISTRARSI AL PROGRAMMA DELLA GIORNATA:\n\t<\/h2>\n<h3>\n\t\tFORUM SPECIALISTICO 1\n\t<\/h3>\n\t<p>App geht`s?! &#8211; Digitale Medien in der Elternbegleitung nutzen!<\/p>\n<p>Il forum specialistico \u00e8 purtroppo al completo. La preghiamo di selezionare un'alternativa digitale.<\/p>\n<h3>\n\t\tFORUM SPECIALISTICO 2\n\t<\/h3>\n\t<p>griffbereitMINI &#8211; Ein Familienbildungsprogramm zur Sprachbildung unter Wertsch\u00e4tzung der Mehrsprachigkeit von Anfang an<\/p>\n<p>Il forum specialistico \u00e8 purtroppo al completo. La preghiamo di selezionare un'alternativa.<\/p>\n<h3>\n\t\tFORUM SPECIALISTICO 3\n\t<\/h3>\n\t<p>Sensibilit\u00e0 alla povert\u00e0 (infantile) nel lavoro educativo<\/p>\n\t\t\t<a href=\"https:\/\/www.griffbereit-rucksack.de\/it\/events\/kinder-armutssensibilitaet-in-der-paedagogischen-arbeit\/\" target=\"_blank\" role=\"button\" rel=\"noopener\">\n\t\t\t\t\t\t\tALLA REGISTRAZIONE\n\t\t\t\t\t<\/a>\n<h3>\n\t\tFORUM SPECIALISTICO 4\n\t<\/h3>\n\t<p>Il multilinguismo nell'interazione tra pari<\/p>\n\t\t\t<a href=\"https:\/\/www.griffbereit-rucksack.de\/it\/events\/mehrsprachigkeit-in-der-peer-interaktion-2\/\" target=\"_blank\" role=\"button\" rel=\"noopener\">\n\t\t\t\t\t\t\tALLA REGISTRAZIONE\n\t\t\t\t\t<\/a>\n<h3>\n\t\tFORUM SPECIALISTICO 5\n\t<\/h3>\n\t<p>Musica e linguaggio: come le canzoni promuovono lo sviluppo del linguaggio e sostengono il multilinguismo<\/p>\n<p>Il forum specialistico \u00e8 purtroppo al completo. La preghiamo di selezionare un'alternativa.<\/p>","protected":false},"excerpt":{"rendered":"<div class=\"entry-summary\">\n<div class=\"entry-summary\">\nConferenza EB digitale Con la conferenza nazionale dei genitori mentori, vogliamo onorare il suo lavoro come genitore mentore e darle l'opportunit\u00e0 di...\n<\/div>\n<div class=\"link-more\"><a href=\"https:\/\/www.griffbereit-rucksack.de\/it\/eb-konferenz-fachforen-digital\/\" class=\"more-link\">Continua a leggere<span class=\"screen-reader-text\"> &ldquo;EB-Konferenz &#8211; Fachforen Digital&rdquo;<\/span>...<\/a><\/div>\n<\/div>\n<div class=\"link-more\"><a href=\"https:\/\/www.griffbereit-rucksack.de\/it\/eb-konferenz-fachforen-digital\/\" class=\"more-link\">Continua a leggere<span class=\"screen-reader-text\"> &ldquo;EB-Konferenz &#8211; Fachforen Digital&rdquo;<\/span>...<\/a><\/div>","protected":false},"author":1,"featured_media":0,"parent":0,"menu_order":0,"comment_status":"closed","ping_status":"closed","template":"","meta":{"_acf_changed":false,"footnotes":""},"class_list":["post-13039","page","type-page","status-publish","hentry","entry"],"acf":[],"_links":{"self":[{"href":"https:\/\/www.griffbereit-rucksack.de\/it\/wp-json\/wp\/v2\/pages\/13039","targetHints":{"allow":["GET"]}}],"collection":[{"href":"https:\/\/www.griffbereit-rucksack.de\/it\/wp-json\/wp\/v2\/pages"}],"about":[{"href":"https:\/\/www.griffbereit-rucksack.de\/it\/wp-json\/wp\/v2\/types\/page"}],"author":[{"embeddable":true,"href":"https:\/\/www.griffbereit-rucksack.de\/it\/wp-json\/wp\/v2\/users\/1"}],"replies":[{"embeddable":true,"href":"https:\/\/www.griffbereit-rucksack.de\/it\/wp-json\/wp\/v2\/comments?post=13039"}],"version-history":[{"count":0,"href":"https:\/\/www.griffbereit-rucksack.de\/it\/wp-json\/wp\/v2\/pages\/13039\/revisions"}],"wp:attachment":[{"href":"https:\/\/www.griffbereit-rucksack.de\/it\/wp-json\/wp\/v2\/media?parent=13039"}],"curies":[{"name":"wp","href":"https:\/\/api.w.org\/{rel}","templated":true}]}}

<h1><strong>Conferenza EB digitale</strong></h1>
<p>Con la conferenza nazionale dei genitori mentori, desideriamo onorare il suo lavoro come genitore mentore e darle l'opportunità di informarsi sugli sviluppi e i temi attuali e di discutere gli approcci in vari forum specializzati. La conferenza offrirà anche l'opportunità di scambiare informazioni sui programmi e sui loro approcci di lavoro, nonché di fare rete.</p>
<p>&nbsp;</p>
<p>&nbsp;</p>
<p>&nbsp;</p>
<p>&nbsp;</p>
	<h3><strong>04.12.23</strong></h3>
	<h3><strong>09:45 &#8211; 16:00 Uhr<br />
</strong></h3>
	<h3><strong>DIGITALE</strong></h3>
<h2>
		ORARIO DIGITALE
	</h2>
	<table>
<tbody>
<tr>
<td width="92">09:45.</td>
<td width="444">Apertura
<p><strong>Saluto Muchtar Al Ghusain</strong>Capo del Dipartimento per i Giovani, l'Educazione e la Cultura della Città di Essen</p>
<strong>Saluto del Ministro Josefine Paul</strong>Ministero per i Bambini, i Giovani, la Famiglia, l'Uguaglianza, i Rifugiati e l'Integrazione dello Stato del Nord Reno-Westfalia (MKJFGFI)</td>
</tr>
<tr>
<td width="92">10:30.</td>
<td width="444"><strong>Keynote: Educazione al plurilinguismo nei Paesi Bassi. </strong><strong>La società della migrazione</strong> (Sprachpolitik in Familien und Kitas)
Prof. Dr. Julie A. Panagiotopoulou, Universität zu Köln</td>
</tr>
<tr>
<td width="92">12:00</td>
<td width="444"><strong>Presentazione del nuovo film griffbereitMINI</strong></td>
</tr>
<tr>
<td width="92">12:30</td>
<td width="444"><strong>Pausa pranzo</strong></td>
</tr>
<tr>
<td width="92">14.00</td>
<td width="444"><strong>Forum specializzati</strong></td>
</tr>
<tr>
<td width="92">16:00</td>
<td width="444"><strong>Fine dell'evento</strong></td>
</tr>
</tbody>
</table>
<h2>
		FORUM DIGITALI
	</h2>
<div class="wm-tabs clearfix layout-top" data-active="1"><ul class="wm-tab-links wm-tab-count-5"><li class="wm-tab-items-fachforum1_388"><a href="#fachforum1_388" data-tab="#fachforum1_388">forum di esperti 1</a></li><li class="wm-tab-items-fachforum2_194"><a href="#fachforum2_194" data-tab="#fachforum2_194">forum di esperti 2</a></li><li class="wm-tab-items-fachforum3_962"><a href="#fachforum3_962" data-tab="#fachforum3_962">forum di esperti 3</a></li><li class="wm-tab-items-fachforum4_208"><a href="#fachforum4_208" data-tab="#fachforum4_208">forum di esperti 4</a></li><li class="wm-tab-items-fachforum5_299"><a href="#fachforum5_299" data-tab="#fachforum5_299">forum di esperti 5</a></li></ul><div class="wm-tabs-items">
<div class="wm-item wm-item-wrap fachforum1_388" id="fachforum1_388" data-title="fachforum1_388&&fachforum 1"><h3 class="screen-reader-text wm-item-title">forum di esperti 1</h3><p>Titolo: <strong>App geht`s?! &#8211; Digitale Medien in der Elternbegleitung nutzen!</strong><br />Relatore: <strong>Johannes Wenzel</strong>, responsabile dei media, Münster, Blickwechsel e.V.<strong>Relatore:</strong> Johannes Wentzel lavora da oltre 21 anni nel lavoro scolastico ed extrascolastico con bambini e giovani e nella formazione degli adulti. In collaborazione con asili, centri per le famiglie, scuole, istituti professionali, centri di formazione familiare, centri di formazione per adulti, università, biblioteche, strutture di formazione continua e istituzioni comunali, offre corsi di formazione, workshop, eventi informativi, serate per i genitori e media training per moltiplicatori, insegnanti, educatori, genitori e alunni sul tema dell'uso responsabile e creativo dei media digitali.<strong>Breve descrizione:</strong> I consulenti per i genitori possono anche fornire molti consigli e impulsi importanti sul tema dei media digitali e sostenere i genitori in un uso riflessivo dei media in famiglia. I media digitali dovrebbero essere utilizzati con creatività e divertimento all'interno della famiglia e quando si accompagnano i genitori. I seguenti argomenti, ad esempio, svolgeranno un ruolo importante:</p>
<ul>
<li>In quali mondi mediatici (digitali) viaggiano oggi le famiglie?</li>
<li>Mediennutzung und kindliche Entwicklung &#8211; wie passt das zusammen?</li>
<li>Usare le esperienze mediatiche come un'opportunità per parlare</li>
<li>Utilizzi le app in modo creativo e insieme!</li>
</ul>
<p><strong>Il forum specialistico è purtroppo al completo. La preghiamo di selezionare un'alternativa digitale.</strong></p>
</div>

<div class="wm-item wm-item-wrap fachforum2_194" id="fachforum2_194" data-title="fachforum2_194&&fachforum 2"><h3 class="screen-reader-text wm-item-title">forum di esperti 2</h3><p>Titolo: <strong>griffbereitMINI &#8211; Ein Familienbildungsprogramm zur Sprachbildung unter Wertschätzung der Mehrsprachigkeit von Anfang an</strong><br />Relatore: <strong>Philipp Tillmann, </strong>KI Dortmund<strong>Relatore:</strong> Il signor Tilmann ha una formazione da insegnante di scuola primaria e lavora presso il Centro Comunale di Integrazione della Città di Dortmund dal 2017. Qui coordina il programma di educazione familiare Griffbereit ed è la persona di contatto per i temi dell'educazione linguistica e del multilinguismo nelle scuole primarie. Ha anche svolto un ruolo di primo piano nello sviluppo del nuovo programma di educazione familiare griffbereitMINI e attualmente ne sostiene l'attuazione a livello nazionale.<strong>Breve descrizione:</strong> griffbereitMINI è il primo programma per famiglie con bambini fino a un anno di età che si concentra sullo sviluppo del linguaggio. Mira a sensibilizzare le famiglie sull'importanza dello sviluppo del linguaggio fin dall'inizio e a incoraggiarle a comunicare con il loro bambino il più possibile e nel maggior numero di modi diversi fin dall'età pre-verbale. Dopo la presentazione delle condizioni quadro strutturali del programma, verranno utilizzati degli esempi per fornire approfondimenti sull'attuazione pratica concreta.<strong>Il forum specialistico è purtroppo al completo. La preghiamo di selezionare un'alternativa digitale.</strong></p>
</div>

<div class="wm-item wm-item-wrap fachforum3_962" id="fachforum3_962" data-title="fachforum3_962&&fachforum 3"><h3 class="screen-reader-text wm-item-title">forum di esperti 3</h3><p>Titolo: <strong>Sensibilità alla povertà (infantile) nel lavoro educativo</strong><br />Relatore:<strong> Sarah Vazquez</strong>, Moderation &#8211; Fortbildung &#8211; Beratung<strong><br /></strong><strong>Relatore:</strong> Sarah Vazquez lavora come relatrice freelance, moderatrice e facilitatrice di processi nel campo dell'educazione (precoce) e del networking comunitario.<br />Ha studiato lavoro sociale, è riconosciuta dallo Stato come educatrice, ha una formazione come consulente orientata alle soluzioni e attualmente sta studiando la consulenza sistemica.<br />Le sue aree di competenza comprendono la sensibilità alla povertà infantile, il lavoro digitale (collaborativo), lo sviluppo di team e organizzazioni e il femminismo.<strong>Breve descrizione: </strong>Oltre alle conoscenze e alle competenze, una componente importante dell'azione sensibile alla povertà è il proprio atteggiamento sensibile alla povertà e la propria professionalità autoriflessiva. Per svilupparle o rafforzarle, sono necessari lo scambio e la riflessione.</p>
</div>

<div class="wm-item wm-item-wrap fachforum4_208" id="fachforum4_208" data-title="fachforum4_208&&fachforum 4"><h3 class="screen-reader-text wm-item-title">forum di esperti 4</h3><p>Titolo: <strong>Il multilinguismo nell'interazione tra pari</strong><br />Relatore: <strong>La dottoressa Claudia Seele, </strong>Centro specializzato per il multilinguismo, LaKo Mecklenburg-Vorpommern<strong>Relatore:</strong> Dr. Claudia Seele &#8211; Erziehungswissenschaftlerin und Leiterin der Fachstelle Mehrsprachigkeit MV, ein Projekt der RAA &#8211; Demokratie und Bildung Mecklenburg-Vorpommern e. V.<strong>Breve descrizione: </strong>Come può una percezione positiva del multilinguismo aiutare a sostenere i bambini nel loro sviluppo linguistico? Vengono mostrati diversi modi di affrontare il multilinguismo, utilizzando esempi di osservazioni da asili nido.</p>
</div>

<div class="wm-item wm-item-wrap fachforum5_299" id="fachforum5_299" data-title="fachforum5_299&&fachforum 5"><h3 class="screen-reader-text wm-item-title">forum di esperti 5</h3><p>Titolo: <strong>Musica e linguaggio: come le canzoni promuovono lo sviluppo del linguaggio e sostengono il multilinguismo</strong><br />Relatore: <strong>Hayat Chaoui</strong>Mondo della musica NRW<strong>Relatore: </strong>Nachdem Hayat Chaoui das Staatsexamen ihres Lehramt-Studiums in den Fächern Französisch und Englisch in Mainz ablegte, begann sie ihr Gesangsstudium an der Hochschule für Musik und Tanz in Köln. Dieses schloss sie unter anderem mit dem Diplom Gesangspädagogik ab &#8211; nicht fern liegt es da, dass sie auch beruflich das Pädagogische mit dem Musikalischen verbindet. <strong>Breve descrizione:</strong> Quali sono le opportunità che una combinazione a bassa soglia di musica e lingua apre alle famiglie per incontrarsi in un ambiente sociale multilingue? L'attenzione si concentra sull'integrazione e sul valore aggiunto associato alle canzoni multilingue per bambini nella vita quotidiana.<strong>Il forum specialistico è purtroppo al completo. La preghiamo di selezionare un'alternativa digitale.</strong></p>
</div>
</div></div><h2>
		LA PREGHIAMO DI SELEZIONARE UN FORUM SPECIALISTICO OLTRE A REGISTRARSI AL PROGRAMMA DELLA GIORNATA:
	</h2>
<h3>
		FORUM SPECIALISTICO 1
	</h3>
	<p>App geht`s?! &#8211; Digitale Medien in der Elternbegleitung nutzen!</p>
<p>Il forum specialistico è purtroppo al completo. La preghiamo di selezionare un'alternativa digitale.</p>
<h3>
		FORUM SPECIALISTICO 2
	</h3>
	<p>griffbereitMINI &#8211; Ein Familienbildungsprogramm zur Sprachbildung unter Wertschätzung der Mehrsprachigkeit von Anfang an</p>
<p>Il forum specialistico è purtroppo al completo. La preghiamo di selezionare un'alternativa.</p>
<h3>
		FORUM SPECIALISTICO 3
	</h3>
	<p>Sensibilità alla povertà (infantile) nel lavoro educativo</p>
			<a href="https://www.griffbereit-rucksack.de/it/events/kinder-armutssensibilitaet-in-der-paedagogischen-arbeit/" target="_blank" role="button" rel="noopener">
							ALLA REGISTRAZIONE
					</a>
<h3>
		FORUM SPECIALISTICO 4
	</h3>
	<p>Il multilinguismo nell'interazione tra pari</p>
			<a href="https://www.griffbereit-rucksack.de/it/events/mehrsprachigkeit-in-der-peer-interaktion-2/" target="_blank" role="button" rel="noopener">
							ALLA REGISTRAZIONE
					</a>
<h3>
		FORUM SPECIALISTICO 5
	</h3>
	<p>Musica e linguaggio: come le canzoni promuovono lo sviluppo del linguaggio e sostengono il multilinguismo</p>
<p>Il forum specialistico è purtroppo al completo. La preghiamo di selezionare un'alternativa.</p>

<div class="entry-summary">
<div class="entry-summary">
Conferenza EB digitale Con la conferenza nazionale dei genitori mentori, vogliamo onorare il suo lavoro come genitore mentore e darle l'opportunità di...
</div>
<div class="link-more"><a href="https://www.griffbereit-rucksack.de/it/eb-konferenz-fachforen-digital/" class="more-link">Continua a leggere<span class="screen-reader-text"> &ldquo;EB-Konferenz &#8211; Fachforen Digital&rdquo;</span>...</a></div>
</div>
<div class="link-more"><a href="https://www.griffbereit-rucksack.de/it/eb-konferenz-fachforen-digital/" class="more-link">Continua a leggere<span class="screen-reader-text"> &ldquo;EB-Konferenz &#8211; Fachforen Digital&rdquo;</span>...</a></div>
