{"id":12924,"date":"2023-11-01T15:30:36","date_gmt":"2023-11-01T14:30:36","guid":{"rendered":"https:\/\/www.griffbereit-rucksack.de\/?page_id=12924"},"modified":"2023-11-13T15:35:18","modified_gmt":"2023-11-13T14:35:18","slug":"eb-konferenz","status":"publish","type":"page","link":"https:\/\/www.griffbereit-rucksack.de\/it\/eb-konferenz\/","title":{"rendered":"Conferenza dei genitori 2023"},"content":{"rendered":"<h1><strong>\u00a0<\/strong><\/h1>\n<p>A livello nazionale, ci sono attualmente oltre 750 consulenti genitoriali attivi in griffbereitMINI e Griffbereit e oltre 600 consulenti genitoriali attivi in Rucksack KiTa....<\/p>\n<p>Come consulenti genitori, svolgete un ruolo chiave perch\u00e9 parlate le stesse lingue e talvolta avete situazioni familiari simili. Questo vi permette di guadagnare pi\u00f9 rapidamente la fiducia delle famiglie, rendendo pi\u00f9 facile costruire un ponte tra le situazioni educative, le famiglie e i loro ambienti di vita, nonch\u00e9 le comunit\u00e0.<\/p>\n<p>&nbsp;<\/p>\n<p>\u00a0<\/p>\n<p>&nbsp;<\/p>\n\t<h3><strong>04.12.23<\/strong><\/h3>\n\t<h4><strong>In loco: <\/strong><strong>08:45 &#8211; 16:45 Uhr<\/strong><\/h4>\n\t<h4><strong>Digital: 09:45 &#8211; 16:00 Uhr<\/strong><\/h4>\n\t<h3><strong>SUL SITO<\/strong><\/h3>\n\t<h3><strong>DIGITALE<\/strong><\/h3>\n\t<h2><strong>REGISTRAZIONE PER L'EVENTO IN LOCO<\/strong><\/h2>\n\tW\u00e4hlen Sie &#8222;ANMELDUNG VOR ORT&#8220;, wenn Sie in Pr\u00e4senz im ChorForum Essen an der EB-Konferenz teilnehmen m\u00f6chten. Im n\u00e4chsten Schritt k\u00f6nnen Sie ein Fachforum ausw\u00e4hlen.<br \/>\n\n\t\t\t<a href=\"https:\/\/www.griffbereit-rucksack.de\/it\/eb-konferenz-fachforen-vor-ort\/\" target=\"_self\" role=\"button\" rel=\"noopener\">\n\t\t\t\t\t\tREGISTRAZIONE IN LOCO\n\t\t\t\t\t<\/a>\n\t<h2><strong>REGISTRAZIONE PER L'EVENTO DIGITALE<\/strong><\/h2>\n\tW\u00e4hlen Sie &#8222;ANMELDUNG DIGITAL&#8220;, wenn Sie von zu Hause \u00fcber Zoom an der EB-Konferenz teilnehmen m\u00f6chten. Im n\u00e4chsten Schritt k\u00f6nnen Sie ein Fachforum ausw\u00e4hlen.<br \/>\n\n\t\t\t<a href=\"https:\/\/www.griffbereit-rucksack.de\/it\/eb-konferenz-fachforen-digital\/\" target=\"_self\" role=\"button\" rel=\"noopener\">\n\t\t\t\t\t\tREGISTRAZIONE DIGITALE\n\t\t\t\t\t<\/a>","protected":false},"excerpt":{"rendered":"<div class=\"entry-summary\">\n<div class=\"entry-summary\">\n\u00a0 Bundesweit sind aktuell bei griffbereitMINI und Griffbereit \u00fcber 750 Elternbegleiter*innen und bei Rucksack KiTa \u00fcber 600 Elternbegleiter*innen&hellip;\n<\/div>\n<div class=\"link-more\"><a href=\"https:\/\/www.griffbereit-rucksack.de\/it\/eb-konferenz\/\" class=\"more-link\">Continua a leggere<span class=\"screen-reader-text\"> &ldquo;Elternbegleiter*innen-Konferenz 2023&rdquo;<\/span>...<\/a><\/div>\n<\/div>\n<div class=\"link-more\"><a href=\"https:\/\/www.griffbereit-rucksack.de\/it\/eb-konferenz\/\" class=\"more-link\">Continua a leggere<span class=\"screen-reader-text\"> &ldquo;Elternbegleiter*innen-Konferenz 2023&rdquo;<\/span>...<\/a><\/div>","protected":false},"author":1,"featured_media":0,"parent":0,"menu_order":0,"comment_status":"closed","ping_status":"closed","template":"","meta":{"_acf_changed":false,"footnotes":""},"class_list":["post-12924","page","type-page","status-publish","hentry","entry"],"acf":[],"_links":{"self":[{"href":"https:\/\/www.griffbereit-rucksack.de\/it\/wp-json\/wp\/v2\/pages\/12924","targetHints":{"allow":["GET"]}}],"collection":[{"href":"https:\/\/www.griffbereit-rucksack.de\/it\/wp-json\/wp\/v2\/pages"}],"about":[{"href":"https:\/\/www.griffbereit-rucksack.de\/it\/wp-json\/wp\/v2\/types\/page"}],"author":[{"embeddable":true,"href":"https:\/\/www.griffbereit-rucksack.de\/it\/wp-json\/wp\/v2\/users\/1"}],"replies":[{"embeddable":true,"href":"https:\/\/www.griffbereit-rucksack.de\/it\/wp-json\/wp\/v2\/comments?post=12924"}],"version-history":[{"count":0,"href":"https:\/\/www.griffbereit-rucksack.de\/it\/wp-json\/wp\/v2\/pages\/12924\/revisions"}],"wp:attachment":[{"href":"https:\/\/www.griffbereit-rucksack.de\/it\/wp-json\/wp\/v2\/media?parent=12924"}],"curies":[{"name":"wp","href":"https:\/\/api.w.org\/{rel}","templated":true}]}}

<h1><strong> </strong></h1>
<p>A livello nazionale, ci sono attualmente oltre 750 consulenti genitoriali attivi in griffbereitMINI e Griffbereit e oltre 600 consulenti genitoriali attivi in Rucksack KiTa....</p>
<p>Come consulenti genitori, svolgete un ruolo chiave perché parlate le stesse lingue e talvolta avete situazioni familiari simili. Questo vi permette di guadagnare più rapidamente la fiducia delle famiglie, rendendo più facile costruire un ponte tra le situazioni educative, le famiglie e i loro ambienti di vita, nonché le comunità.</p>
<p>&nbsp;</p>
<p> </p>
<p>&nbsp;</p>
	<h3><strong>04.12.23</strong></h3>
	<h4><strong>In loco: </strong><strong>08:45 &#8211; 16:45 Uhr</strong></h4>
	<h4><strong>Digital: 09:45 &#8211; 16:00 Uhr</strong></h4>
	<h3><strong>SUL SITO</strong></h3>
	<h3><strong>DIGITALE</strong></h3>
	<h2><strong>REGISTRAZIONE PER L'EVENTO IN LOCO</strong></h2>
	Wählen Sie &#8222;ANMELDUNG VOR ORT&#8220;, wenn Sie in Präsenz im ChorForum Essen an der EB-Konferenz teilnehmen möchten. Im nächsten Schritt können Sie ein Fachforum auswählen.<br />

			<a href="https://www.griffbereit-rucksack.de/it/eb-konferenz-fachforen-vor-ort/" target="_self" role="button" rel="noopener">
						REGISTRAZIONE IN LOCO
					</a>
	<h2><strong>REGISTRAZIONE PER L'EVENTO DIGITALE</strong></h2>
	Wählen Sie &#8222;ANMELDUNG DIGITAL&#8220;, wenn Sie von zu Hause über Zoom an der EB-Konferenz teilnehmen möchten. Im nächsten Schritt können Sie ein Fachforum auswählen.<br />

			<a href="https://www.griffbereit-rucksack.de/it/eb-konferenz-fachforen-digital/" target="_self" role="button" rel="noopener">
						REGISTRAZIONE DIGITALE
					</a>

<div class="entry-summary">
<div class="entry-summary">
  Bundesweit sind aktuell bei griffbereitMINI und Griffbereit über 750 Elternbegleiter*innen und bei Rucksack KiTa über 600 Elternbegleiter*innen&hellip;
</div>
<div class="link-more"><a href="https://www.griffbereit-rucksack.de/it/eb-konferenz/" class="more-link">Continua a leggere<span class="screen-reader-text"> &ldquo;Elternbegleiter*innen-Konferenz 2023&rdquo;</span>...</a></div>
</div>
<div class="link-more"><a href="https://www.griffbereit-rucksack.de/it/eb-konferenz/" class="more-link">Continua a leggere<span class="screen-reader-text"> &ldquo;Elternbegleiter*innen-Konferenz 2023&rdquo;</span>...</a></div>
