{"id":12388,"date":"2023-05-03T13:25:22","date_gmt":"2023-05-03T11:25:22","guid":{"rendered":"https:\/\/www.griffbereit-rucksack.de\/?page_id=12388"},"modified":"2023-05-03T13:25:22","modified_gmt":"2023-05-03T11:25:22","slug":"griffbereitmini-material","status":"publish","type":"page","link":"https:\/\/www.griffbereit-rucksack.de\/it\/griffbereitmini-material\/","title":{"rendered":"Materiale griffbereitMINI"},"content":{"rendered":"<h2>\n\t\tI materiali Griffbereit in sintesi\n\t<\/h2>\n\t<p>Il pacchetto completo comprende:<\/p>\n<ul>\n<li>Manuale per i facilitatori di gruppo per la preparazione di base e l'introduzione al lavoro griffbereitMINI<\/li>\n<li>Materiali supplementari per la pianificazione e la preparazione mirata del lavoro multilingue nel gruppo griffbereitMINI<\/li>\n<\/ul>","protected":false},"excerpt":{"rendered":"<div class=\"entry-summary\">\n<div class=\"entry-summary\">\nDie Griffbereit-Materialien im \u00dcberblick Das Gesamtpaket besteht aus: Handbuch f\u00fcr Gruppenbegleiter*innen zur grundlegenden Vorbereitung und Einf\u00fchrung in die&hellip;\n<\/div>\n<div class=\"link-more\"><a href=\"https:\/\/www.griffbereit-rucksack.de\/it\/griffbereitmini-material\/\" class=\"more-link\">Continua a leggere<span class=\"screen-reader-text\"> &ldquo;griffbereitMINI-Material&rdquo;<\/span>...<\/a><\/div>\n<\/div>\n<div class=\"link-more\"><a href=\"https:\/\/www.griffbereit-rucksack.de\/it\/griffbereitmini-material\/\" class=\"more-link\">Continua a leggere<span class=\"screen-reader-text\"> &ldquo;griffbereitMINI-Material&rdquo;<\/span>...<\/a><\/div>","protected":false},"author":1,"featured_media":0,"parent":0,"menu_order":0,"comment_status":"closed","ping_status":"closed","template":"","meta":{"_acf_changed":false,"footnotes":""},"class_list":["post-12388","page","type-page","status-publish","hentry","entry"],"acf":[],"_links":{"self":[{"href":"https:\/\/www.griffbereit-rucksack.de\/it\/wp-json\/wp\/v2\/pages\/12388","targetHints":{"allow":["GET"]}}],"collection":[{"href":"https:\/\/www.griffbereit-rucksack.de\/it\/wp-json\/wp\/v2\/pages"}],"about":[{"href":"https:\/\/www.griffbereit-rucksack.de\/it\/wp-json\/wp\/v2\/types\/page"}],"author":[{"embeddable":true,"href":"https:\/\/www.griffbereit-rucksack.de\/it\/wp-json\/wp\/v2\/users\/1"}],"replies":[{"embeddable":true,"href":"https:\/\/www.griffbereit-rucksack.de\/it\/wp-json\/wp\/v2\/comments?post=12388"}],"version-history":[{"count":0,"href":"https:\/\/www.griffbereit-rucksack.de\/it\/wp-json\/wp\/v2\/pages\/12388\/revisions"}],"wp:attachment":[{"href":"https:\/\/www.griffbereit-rucksack.de\/it\/wp-json\/wp\/v2\/media?parent=12388"}],"curies":[{"name":"wp","href":"https:\/\/api.w.org\/{rel}","templated":true}]}}

<div class="entry-summary">
<div class="entry-summary">
Die Griffbereit-Materialien im Überblick Das Gesamtpaket besteht aus: Handbuch für Gruppenbegleiter*innen zur grundlegenden Vorbereitung und Einführung in die&hellip;
</div>
<div class="link-more"><a href="https://www.griffbereit-rucksack.de/it/griffbereitmini-material/" class="more-link">Continua a leggere<span class="screen-reader-text"> &ldquo;griffbereitMINI-Material&rdquo;</span>...</a></div>
</div>
<div class="link-more"><a href="https://www.griffbereit-rucksack.de/it/griffbereitmini-material/" class="more-link">Continua a leggere<span class="screen-reader-text"> &ldquo;griffbereitMINI-Material&rdquo;</span>...</a></div>
