{"id":12366,"date":"2023-05-03T12:10:14","date_gmt":"2023-05-03T10:10:14","guid":{"rendered":"https:\/\/www.griffbereit-rucksack.de\/?page_id=12366"},"modified":"2023-05-10T20:25:40","modified_gmt":"2023-05-10T18:25:40","slug":"angebot-griffbereitmini","status":"publish","type":"page","link":"https:\/\/www.griffbereit-rucksack.de\/it\/angebot-griffbereitmini\/","title":{"rendered":"Offerta griffbereitMINI"},"content":{"rendered":"<h2>\n\t\tCosa fa griffbereitMINI?\n\t<\/h2>\n\t<p><em>griffbereitMINI<\/em> promuove lo sviluppo della prima infanzia e, in particolare, lo sviluppo del linguaggio attraverso attivit\u00e0 orientate ai bambini con i *genitori\/*famiglie, come giocare e cantare insieme nelle lingue della famiglia e in tedesco. Questo crea una base importante per l'acquisizione delle competenze linguistiche.<\/p>\n<p><strong>Il programma d\u00e0 ai genitori\/famiglie la possibilit\u00e0 di essere loro stessi attori, in quanto sono i primi modelli di ruolo linguistico e hanno il rapporto pi\u00f9 stretto con i loro figli nella vita quotidiana.<\/strong><\/p>\n\t<p>Nei cosiddetti <em>griffbereitMINI<\/em>-I genitori, in gruppi, imparano come rafforzare lo sviluppo generale e linguistico dei loro figli. Sono supportati da consulenti genitoriali e\/o specialisti educativi formati e solitamente multilingue.<\/p>\n<p>I bambini nel primo anno di vita, con e senza una storia di immigrazione, entrano in contatto con il tedesco e altre lingue molto presto. Questo offre <em>griffbereitMINI<\/em> la possibilit\u00e0 di <a href=\"https:\/\/www.griffbereit-rucksack.de\/it\/mehrsprachigkeit\/\"><strong>Pi\u00f9 potenziale linguistico per i bambini<\/strong><\/a> per prendere in mano la situazione.<\/p>","protected":false},"excerpt":{"rendered":"<div class=\"entry-summary\">\n<div class=\"entry-summary\">\nWas leistet griffbereitMINI? griffbereitMINI f\u00f6rdert die fr\u00fchkindliche Entwicklung und im Besonderen die Sprachentwicklung durch kleinkindgerechte Aktivit\u00e4ten mit den&hellip;\n<\/div>\n<div class=\"link-more\"><a href=\"https:\/\/www.griffbereit-rucksack.de\/it\/angebot-griffbereitmini\/\" class=\"more-link\">Continua a leggere<span class=\"screen-reader-text\"> &ldquo;Angebot griffbereitMINI&rdquo;<\/span>...<\/a><\/div>\n<\/div>\n<div class=\"link-more\"><a href=\"https:\/\/www.griffbereit-rucksack.de\/it\/angebot-griffbereitmini\/\" class=\"more-link\">Continua a leggere<span class=\"screen-reader-text\"> &ldquo;Angebot griffbereitMINI&rdquo;<\/span>...<\/a><\/div>","protected":false},"author":1,"featured_media":0,"parent":0,"menu_order":0,"comment_status":"closed","ping_status":"closed","template":"","meta":{"_acf_changed":false,"footnotes":""},"class_list":["post-12366","page","type-page","status-publish","hentry","entry"],"acf":[],"_links":{"self":[{"href":"https:\/\/www.griffbereit-rucksack.de\/it\/wp-json\/wp\/v2\/pages\/12366","targetHints":{"allow":["GET"]}}],"collection":[{"href":"https:\/\/www.griffbereit-rucksack.de\/it\/wp-json\/wp\/v2\/pages"}],"about":[{"href":"https:\/\/www.griffbereit-rucksack.de\/it\/wp-json\/wp\/v2\/types\/page"}],"author":[{"embeddable":true,"href":"https:\/\/www.griffbereit-rucksack.de\/it\/wp-json\/wp\/v2\/users\/1"}],"replies":[{"embeddable":true,"href":"https:\/\/www.griffbereit-rucksack.de\/it\/wp-json\/wp\/v2\/comments?post=12366"}],"version-history":[{"count":0,"href":"https:\/\/www.griffbereit-rucksack.de\/it\/wp-json\/wp\/v2\/pages\/12366\/revisions"}],"wp:attachment":[{"href":"https:\/\/www.griffbereit-rucksack.de\/it\/wp-json\/wp\/v2\/media?parent=12366"}],"curies":[{"name":"wp","href":"https:\/\/api.w.org\/{rel}","templated":true}]}}

<h2>
		Cosa fa griffbereitMINI?
	</h2>
	<p><em>griffbereitMINI</em> promuove lo sviluppo della prima infanzia e, in particolare, lo sviluppo del linguaggio attraverso attività orientate ai bambini con i *genitori/*famiglie, come giocare e cantare insieme nelle lingue della famiglia e in tedesco. Questo crea una base importante per l'acquisizione delle competenze linguistiche.</p>
<p><strong>Il programma dà ai genitori/famiglie la possibilità di essere loro stessi attori, in quanto sono i primi modelli di ruolo linguistico e hanno il rapporto più stretto con i loro figli nella vita quotidiana.</strong></p>
	<p>Nei cosiddetti <em>griffbereitMINI</em>-I genitori, in gruppi, imparano come rafforzare lo sviluppo generale e linguistico dei loro figli. Sono supportati da consulenti genitoriali e/o specialisti educativi formati e solitamente multilingue.</p>
<p>I bambini nel primo anno di vita, con e senza una storia di immigrazione, entrano in contatto con il tedesco e altre lingue molto presto. Questo offre <em>griffbereitMINI</em> la possibilità di <a href="https://www.griffbereit-rucksack.de/it/mehrsprachigkeit/"><strong>Più potenziale linguistico per i bambini</strong></a> per prendere in mano la situazione.</p>

<div class="entry-summary">
<div class="entry-summary">
Was leistet griffbereitMINI? griffbereitMINI fördert die frühkindliche Entwicklung und im Besonderen die Sprachentwicklung durch kleinkindgerechte Aktivitäten mit den&hellip;
</div>
<div class="link-more"><a href="https://www.griffbereit-rucksack.de/it/angebot-griffbereitmini/" class="more-link">Continua a leggere<span class="screen-reader-text"> &ldquo;Angebot griffbereitMINI&rdquo;</span>...</a></div>
</div>
<div class="link-more"><a href="https://www.griffbereit-rucksack.de/it/angebot-griffbereitmini/" class="more-link">Continua a leggere<span class="screen-reader-text"> &ldquo;Angebot griffbereitMINI&rdquo;</span>...</a></div>
