{"id":2783,"date":"2020-08-17T17:16:58","date_gmt":"2020-08-17T15:16:58","guid":{"rendered":"https:\/\/www.griffbereit-rucksack.de\/?page_id=2783"},"modified":"2020-08-17T17:25:52","modified_gmt":"2020-08-17T15:25:52","slug":"organisatorisches-rucksack-kita","status":"publish","type":"page","link":"https:\/\/www.griffbereit-rucksack.de\/fr\/organisatorisches-rucksack-kita\/","title":{"rendered":"Organisation Rucksack KiTa"},"content":{"rendered":"<h2>\n\t\tCadre organisationnel et temporel\n\t<\/h2>\n\t<strong>Condition Lieu de formation :<br \/>\n<\/strong>L'objectif de Rucksack KiTa est de rapprocher le plus t\u00f4t possible les familles du syst\u00e8me \u00e9ducatif et de leur permettre de d\u00e9couvrir l'institution \u00e9ducative sur place et de participer \u00e0 son fonctionnement. C'est pourquoi le programme a lieu <strong>sans exception <\/strong>dans la<strong> KiTa<\/strong> a lieu.<br \/>\n<strong><br \/>\nR\u00f4le Lieu de formation :<\/strong><br \/>\nLa cr\u00e8che est impliqu\u00e9e de mani\u00e8re responsable dans la promotion parall\u00e8le de la langue allemande en tenant compte du multilinguisme. Le travail de formation linguistique des p\u00e9dagogues est toujours coordonn\u00e9 avec le travail des parents - et vice versa. Ainsi, un partenariat \u00e9ducatif est mis en place, qui soutient \u00e9galement l'ouverture des \u00e9tablissements \u00e0 la diversit\u00e9 et \u00e0 la migration. Pour ces raisons, le rattachement \u00e0 une cr\u00e8che ou \u00e0 un centre familial est une condition essentielle pour la mise en \u0153uvre du programme.\n<p><strong>Principes obligatoires : 1. participation, 2. partenariat \u00e9ducatif\/p\u00e9dagogique :<\/strong><\/p>\n<p><u>Pour les familles, cela signifie<\/u><\/p>\n<ul>\n<li>un <em>Rucksack KiTa<\/em>-Groupe de parents guid\u00e9s par l'accompagnateur de parents*.<\/li>\n<li>des activit\u00e9s communes parents-enfants \u00e0 la maison, y compris avec toute la famille<\/li>\n<li>coordonn\u00e9 <em>Rucksack KiTa<\/em>-Activit\u00e9s pour les enfants et les familles \u00e0 la garderie<\/li>\n<li>Possibilit\u00e9 de qualifier des parents\/familles ayant une histoire familiale internationale pour diriger un groupe (accompagnement parental)<\/li>\n<\/ul>\n<p><u>La KiTa est responsable de :<\/u><\/p>\n<ul>\n<li>l'\u00e9ducation linguistique multilingue int\u00e9gr\u00e9e au quotidien dans le cadre d'une approche coordonn\u00e9e<\/li>\n<li>l'initiation et le suivi cibl\u00e9s de partenariats \u00e9ducatifs avec les familles<\/li>\n<li>l'ouverture de l'institution \u00e0 la diversit\u00e9 et \u00e0 la migration et un concept \u00e9ducatif correspondant<\/li>\n<\/ul>\n<p>Les diff\u00e9rents milieux de vie de l'enfant (famille et garderie) sont ainsi d\u00e9lib\u00e9r\u00e9ment pris en compte dans le travail.<\/p>\n\t<strong>Partenaires de coop\u00e9ration possibles :<br \/>\n<\/strong>Les partenaires de coop\u00e9ration dans la mise en \u0153uvre globale du programme - par exemple la qualification, certains projets\/mesures\/activit\u00e9s, etc. - peuvent \u00eatre des associations, des organisations caritatives, des organismes d'aide \u00e0 l'enfance et \u00e0 la jeunesse, des centres d'\u00e9ducation familiale et des organisations d'immigr\u00e9s (MSO).<em>.<\/em>\n<strong>Missions de l'op\u00e9rateur de programme en mati\u00e8re de qualification et d'\u00e9change :<\/strong><br \/>\nLe promoteur du programme Rucksack KiTa permet aux professionnels de l'\u00e9ducation de suivre des formations adapt\u00e9es \u00e0 leurs besoins afin d'\u00e9largir leurs comp\u00e9tences en mati\u00e8re de multilinguisme, d'apprentissage continu des langues, de partenariat \u00e9ducatif avec les parents\/les familles, etc. et de mettre en place une approche de l'\u00e9tablissement qui tienne compte des pr\u00e9jug\u00e9s. Il est recommand\u00e9 de r\u00e9aliser certains \u00e9l\u00e9ments de la qualification en commun avec l'accompagnement des parents et les professionnels de l'\u00e9ducation.\n<p>De m\u00eame, des formations continues sont propos\u00e9es aux accompagnateurs de parents. De plus, des r\u00e9unions et des groupes de travail sont r\u00e9guli\u00e8rement organis\u00e9s \u00e0 l'\u00e9chelle nationale.<\/p>\n\t\t\t<a href=\"https:\/\/www.griffbereit-rucksack.de\/fr\/qualifizierung-zur-elternbegleiterin-fuer-rucksack-kita\/\" target=\"_self\" role=\"button\" rel=\"noopener noreferrer\">\n\t\t\t\t\t\t\tQualification d'accompagnateur parental*.\n\t\t\t<\/a>","protected":false},"excerpt":{"rendered":"<div class=\"entry-summary\">\n<div class=\"entry-summary\">\nOrganisatorische und zeitliche Rahmenbedingungen Bedingung Bildungsort: Ziel von Rucksack KiTa ist es, Familien m\u00f6glichst fr\u00fch an das Bildungssystem&hellip;\n<\/div>\n<div class=\"link-more\"><a href=\"https:\/\/www.griffbereit-rucksack.de\/fr\/organisatorisches-rucksack-kita\/\" class=\"more-link\">Continuer la lecture<span class=\"screen-reader-text\"> &ldquo;Organisatorisches Rucksack KiTa&rdquo;<\/span>...<\/a><\/div>\n<\/div>\n<div class=\"link-more\"><a href=\"https:\/\/www.griffbereit-rucksack.de\/fr\/organisatorisches-rucksack-kita\/\" class=\"more-link\">Continuer la lecture<span class=\"screen-reader-text\"> &ldquo;Organisatorisches Rucksack KiTa&rdquo;<\/span>...<\/a><\/div>","protected":false},"author":1,"featured_media":0,"parent":0,"menu_order":0,"comment_status":"closed","ping_status":"closed","template":"","meta":{"_acf_changed":false,"footnotes":""},"class_list":["post-2783","page","type-page","status-publish","hentry","entry"],"acf":[],"_links":{"self":[{"href":"https:\/\/www.griffbereit-rucksack.de\/fr\/wp-json\/wp\/v2\/pages\/2783","targetHints":{"allow":["GET"]}}],"collection":[{"href":"https:\/\/www.griffbereit-rucksack.de\/fr\/wp-json\/wp\/v2\/pages"}],"about":[{"href":"https:\/\/www.griffbereit-rucksack.de\/fr\/wp-json\/wp\/v2\/types\/page"}],"author":[{"embeddable":true,"href":"https:\/\/www.griffbereit-rucksack.de\/fr\/wp-json\/wp\/v2\/users\/1"}],"replies":[{"embeddable":true,"href":"https:\/\/www.griffbereit-rucksack.de\/fr\/wp-json\/wp\/v2\/comments?post=2783"}],"version-history":[{"count":0,"href":"https:\/\/www.griffbereit-rucksack.de\/fr\/wp-json\/wp\/v2\/pages\/2783\/revisions"}],"wp:attachment":[{"href":"https:\/\/www.griffbereit-rucksack.de\/fr\/wp-json\/wp\/v2\/media?parent=2783"}],"curies":[{"name":"wp","href":"https:\/\/api.w.org\/{rel}","templated":true}]}}

<h2>
		Cadre organisationnel et temporel
	</h2>
	<strong>Condition Lieu de formation :<br />
</strong>L'objectif de Rucksack KiTa est de rapprocher le plus tôt possible les familles du système éducatif et de leur permettre de découvrir l'institution éducative sur place et de participer à son fonctionnement. C'est pourquoi le programme a lieu <strong>sans exception </strong>dans la<strong> KiTa</strong> a lieu.<br />
<strong><br />
Rôle Lieu de formation :</strong><br />
La crèche est impliquée de manière responsable dans la promotion parallèle de la langue allemande en tenant compte du multilinguisme. Le travail de formation linguistique des pédagogues est toujours coordonné avec le travail des parents - et vice versa. Ainsi, un partenariat éducatif est mis en place, qui soutient également l'ouverture des établissements à la diversité et à la migration. Pour ces raisons, le rattachement à une crèche ou à un centre familial est une condition essentielle pour la mise en œuvre du programme.
<p><strong>Principes obligatoires : 1. participation, 2. partenariat éducatif/pédagogique :</strong></p>
<p><u>Pour les familles, cela signifie</u></p>
<ul>
<li>un <em>Rucksack KiTa</em>-Groupe de parents guidés par l'accompagnateur de parents*.</li>
<li>des activités communes parents-enfants à la maison, y compris avec toute la famille</li>
<li>coordonné <em>Rucksack KiTa</em>-Activités pour les enfants et les familles à la garderie</li>
<li>Possibilité de qualifier des parents/familles ayant une histoire familiale internationale pour diriger un groupe (accompagnement parental)</li>
</ul>
<p><u>La KiTa est responsable de :</u></p>
<ul>
<li>l'éducation linguistique multilingue intégrée au quotidien dans le cadre d'une approche coordonnée</li>
<li>l'initiation et le suivi ciblés de partenariats éducatifs avec les familles</li>
<li>l'ouverture de l'institution à la diversité et à la migration et un concept éducatif correspondant</li>
</ul>
<p>Les différents milieux de vie de l'enfant (famille et garderie) sont ainsi délibérément pris en compte dans le travail.</p>
	<strong>Partenaires de coopération possibles :<br />
</strong>Les partenaires de coopération dans la mise en œuvre globale du programme - par exemple la qualification, certains projets/mesures/activités, etc. - peuvent être des associations, des organisations caritatives, des organismes d'aide à l'enfance et à la jeunesse, des centres d'éducation familiale et des organisations d'immigrés (MSO).<em>.</em>
<strong>Missions de l'opérateur de programme en matière de qualification et d'échange :</strong><br />
Le promoteur du programme Rucksack KiTa permet aux professionnels de l'éducation de suivre des formations adaptées à leurs besoins afin d'élargir leurs compétences en matière de multilinguisme, d'apprentissage continu des langues, de partenariat éducatif avec les parents/les familles, etc. et de mettre en place une approche de l'établissement qui tienne compte des préjugés. Il est recommandé de réaliser certains éléments de la qualification en commun avec l'accompagnement des parents et les professionnels de l'éducation.
<p>De même, des formations continues sont proposées aux accompagnateurs de parents. De plus, des réunions et des groupes de travail sont régulièrement organisés à l'échelle nationale.</p>
			<a href="https://www.griffbereit-rucksack.de/fr/qualifizierung-zur-elternbegleiterin-fuer-rucksack-kita/" target="_self" role="button" rel="noopener noreferrer">
							Qualification d'accompagnateur parental*.
			</a>

<div class="entry-summary">
<div class="entry-summary">
Organisatorische und zeitliche Rahmenbedingungen Bedingung Bildungsort: Ziel von Rucksack KiTa ist es, Familien möglichst früh an das Bildungssystem&hellip;
</div>
<div class="link-more"><a href="https://www.griffbereit-rucksack.de/fr/organisatorisches-rucksack-kita/" class="more-link">Continuer la lecture<span class="screen-reader-text"> &ldquo;Organisatorisches Rucksack KiTa&rdquo;</span>...</a></div>
</div>
<div class="link-more"><a href="https://www.griffbereit-rucksack.de/fr/organisatorisches-rucksack-kita/" class="more-link">Continuer la lecture<span class="screen-reader-text"> &ldquo;Organisatorisches Rucksack KiTa&rdquo;</span>...</a></div>
