{"id":12924,"date":"2023-11-01T15:30:36","date_gmt":"2023-11-01T14:30:36","guid":{"rendered":"https:\/\/www.griffbereit-rucksack.de\/?page_id=12924"},"modified":"2023-11-13T15:35:18","modified_gmt":"2023-11-13T14:35:18","slug":"eb-konferenz","status":"publish","type":"page","link":"https:\/\/www.griffbereit-rucksack.de\/fr\/eb-konferenz\/","title":{"rendered":"Conf\u00e9rence des parents accompagnateurs* 2023"},"content":{"rendered":"<h1><strong>\u00a0<\/strong><\/h1>\n<p>Au niveau national, plus de 750 parents accompagnateurs* sont actuellement actifs dans le cadre de griffbereitMINI et Griffbereit et plus de 600 parents accompagnateurs* dans le cadre de Rucksack KiTa....<\/p>\n<p>En tant qu'accompagnateurs des parents*, vous avez une fonction cl\u00e9 essentielle, car : vous parlez les m\u00eames langues et avez parfois des situations familiales similaires. Vous gagnez ainsi plus rapidement la confiance des familles et pouvez plus facilement jeter un pont entre les situations \u00e9ducatives, les *familles et leurs milieux de vie, mais aussi les communes.<\/p>\n<p>&nbsp;<\/p>\n<p>\u00a0<\/p>\n<p>&nbsp;<\/p>\n\t<h3><strong>04.12.23<\/strong><\/h3>\n\t<h4><strong>Sur place : <\/strong><strong>08:45 &#8211; 16:45 Uhr<\/strong><\/h4>\n\t<h4><strong>Digital: 09:45 &#8211; 16:00 Uhr<\/strong><\/h4>\n\t<h3><strong>SUR PLACE<\/strong><\/h3>\n\t<h3><strong>DIGITAL<\/strong><\/h3>\n\t<h2><strong>INSCRIPTION \u00c0 L'\u00c9V\u00c9NEMENT SUR PLACE<\/strong><\/h2>\n\tW\u00e4hlen Sie &#8222;ANMELDUNG VOR ORT&#8220;, wenn Sie in Pr\u00e4senz im ChorForum Essen an der EB-Konferenz teilnehmen m\u00f6chten. Im n\u00e4chsten Schritt k\u00f6nnen Sie ein Fachforum ausw\u00e4hlen.<br \/>\n\n\t\t\t<a href=\"https:\/\/www.griffbereit-rucksack.de\/fr\/eb-konferenz-fachforen-vor-ort\/\" target=\"_self\" role=\"button\" rel=\"noopener\">\n\t\t\t\t\t\tINSCRIPTION SUR PLACE\n\t\t\t\t\t<\/a>\n\t<h2><strong>INSCRIPTION \u00c0 L'\u00c9V\u00c9NEMENT NUM\u00c9RIQUE<\/strong><\/h2>\n\tW\u00e4hlen Sie &#8222;ANMELDUNG DIGITAL&#8220;, wenn Sie von zu Hause \u00fcber Zoom an der EB-Konferenz teilnehmen m\u00f6chten. Im n\u00e4chsten Schritt k\u00f6nnen Sie ein Fachforum ausw\u00e4hlen.<br \/>\n\n\t\t\t<a href=\"https:\/\/www.griffbereit-rucksack.de\/fr\/eb-konferenz-fachforen-digital\/\" target=\"_self\" role=\"button\" rel=\"noopener\">\n\t\t\t\t\t\tINSCRIPTION NUM\u00c9RIQUE\n\t\t\t\t\t<\/a>","protected":false},"excerpt":{"rendered":"<div class=\"entry-summary\">\n<div class=\"entry-summary\">\n\u00a0 Au niveau national, plus de 750 parents accompagnateurs* sont actuellement actifs dans le cadre de griffbereitMINI et Griffbereit et plus de 600 parents accompagnateurs* dans le cadre de Rucksack KiTa....\n<\/div>\n<div class=\"link-more\"><a href=\"https:\/\/www.griffbereit-rucksack.de\/fr\/eb-konferenz\/\" class=\"more-link\">Continuer la lecture<span class=\"screen-reader-text\"> &ldquo;Elternbegleiter*innen-Konferenz 2023&rdquo;<\/span>...<\/a><\/div>\n<\/div>\n<div class=\"link-more\"><a href=\"https:\/\/www.griffbereit-rucksack.de\/fr\/eb-konferenz\/\" class=\"more-link\">Continuer la lecture<span class=\"screen-reader-text\"> &ldquo;Elternbegleiter*innen-Konferenz 2023&rdquo;<\/span>...<\/a><\/div>","protected":false},"author":1,"featured_media":0,"parent":0,"menu_order":0,"comment_status":"closed","ping_status":"closed","template":"","meta":{"_acf_changed":false,"footnotes":""},"class_list":["post-12924","page","type-page","status-publish","hentry","entry"],"acf":[],"_links":{"self":[{"href":"https:\/\/www.griffbereit-rucksack.de\/fr\/wp-json\/wp\/v2\/pages\/12924","targetHints":{"allow":["GET"]}}],"collection":[{"href":"https:\/\/www.griffbereit-rucksack.de\/fr\/wp-json\/wp\/v2\/pages"}],"about":[{"href":"https:\/\/www.griffbereit-rucksack.de\/fr\/wp-json\/wp\/v2\/types\/page"}],"author":[{"embeddable":true,"href":"https:\/\/www.griffbereit-rucksack.de\/fr\/wp-json\/wp\/v2\/users\/1"}],"replies":[{"embeddable":true,"href":"https:\/\/www.griffbereit-rucksack.de\/fr\/wp-json\/wp\/v2\/comments?post=12924"}],"version-history":[{"count":0,"href":"https:\/\/www.griffbereit-rucksack.de\/fr\/wp-json\/wp\/v2\/pages\/12924\/revisions"}],"wp:attachment":[{"href":"https:\/\/www.griffbereit-rucksack.de\/fr\/wp-json\/wp\/v2\/media?parent=12924"}],"curies":[{"name":"wp","href":"https:\/\/api.w.org\/{rel}","templated":true}]}}

Conférence des parents accompagnateurs* 2023

<h1><strong> </strong></h1>
<p>Au niveau national, plus de 750 parents accompagnateurs* sont actuellement actifs dans le cadre de griffbereitMINI et Griffbereit et plus de 600 parents accompagnateurs* dans le cadre de Rucksack KiTa....</p>
<p>En tant qu'accompagnateurs des parents*, vous avez une fonction clé essentielle, car : vous parlez les mêmes langues et avez parfois des situations familiales similaires. Vous gagnez ainsi plus rapidement la confiance des familles et pouvez plus facilement jeter un pont entre les situations éducatives, les *familles et leurs milieux de vie, mais aussi les communes.</p>
<p>&nbsp;</p>
<p> </p>
<p>&nbsp;</p>
	<h3><strong>04.12.23</strong></h3>
	<h4><strong>Sur place : </strong><strong>08:45 &#8211; 16:45 Uhr</strong></h4>
	<h4><strong>Digital: 09:45 &#8211; 16:00 Uhr</strong></h4>
	<h3><strong>SUR PLACE</strong></h3>
	<h3><strong>DIGITAL</strong></h3>
	<h2><strong>INSCRIPTION À L'ÉVÉNEMENT SUR PLACE</strong></h2>
	Wählen Sie &#8222;ANMELDUNG VOR ORT&#8220;, wenn Sie in Präsenz im ChorForum Essen an der EB-Konferenz teilnehmen möchten. Im nächsten Schritt können Sie ein Fachforum auswählen.<br />

			<a href="https://www.griffbereit-rucksack.de/fr/eb-konferenz-fachforen-vor-ort/" target="_self" role="button" rel="noopener">
						INSCRIPTION SUR PLACE
					</a>
	<h2><strong>INSCRIPTION À L'ÉVÉNEMENT NUMÉRIQUE</strong></h2>
	Wählen Sie &#8222;ANMELDUNG DIGITAL&#8220;, wenn Sie von zu Hause über Zoom an der EB-Konferenz teilnehmen möchten. Im nächsten Schritt können Sie ein Fachforum auswählen.<br />

			<a href="https://www.griffbereit-rucksack.de/fr/eb-konferenz-fachforen-digital/" target="_self" role="button" rel="noopener">
						INSCRIPTION NUMÉRIQUE
					</a>
