{"id":12388,"date":"2023-05-03T13:25:22","date_gmt":"2023-05-03T11:25:22","guid":{"rendered":"https:\/\/www.griffbereit-rucksack.de\/?page_id=12388"},"modified":"2023-05-03T13:25:22","modified_gmt":"2023-05-03T11:25:22","slug":"griffbereitmini-material","status":"publish","type":"page","link":"https:\/\/www.griffbereit-rucksack.de\/fr\/griffbereitmini-material\/","title":{"rendered":"Mat\u00e9riau griffbereitMINI"},"content":{"rendered":"<h2>\n\t\tLes mat\u00e9riaux Griffbereit en un coup d'\u0153il\n\t<\/h2>\n\t<p>Le package complet comprend<\/p>\n<ul>\n<li>Manuel pour les accompagnateurs de groupes pour la pr\u00e9paration de base et l'introduction au travail griffbereitMINI<\/li>\n<li>Mat\u00e9riel compl\u00e9mentaire pour une planification et une pr\u00e9paration cibl\u00e9es du travail multilingue dans le groupe griffbereitMINI<\/li>\n<\/ul>","protected":false},"excerpt":{"rendered":"<div class=\"entry-summary\">\n<div class=\"entry-summary\">\nDie Griffbereit-Materialien im \u00dcberblick Das Gesamtpaket besteht aus: Handbuch f\u00fcr Gruppenbegleiter*innen zur grundlegenden Vorbereitung und Einf\u00fchrung in die&hellip;\n<\/div>\n<div class=\"link-more\"><a href=\"https:\/\/www.griffbereit-rucksack.de\/fr\/griffbereitmini-material\/\" class=\"more-link\">Continuer la lecture<span class=\"screen-reader-text\"> &ldquo;griffbereitMINI-Material&rdquo;<\/span>...<\/a><\/div>\n<\/div>\n<div class=\"link-more\"><a href=\"https:\/\/www.griffbereit-rucksack.de\/fr\/griffbereitmini-material\/\" class=\"more-link\">Continuer la lecture<span class=\"screen-reader-text\"> &ldquo;griffbereitMINI-Material&rdquo;<\/span>...<\/a><\/div>","protected":false},"author":1,"featured_media":0,"parent":0,"menu_order":0,"comment_status":"closed","ping_status":"closed","template":"","meta":{"_acf_changed":false,"footnotes":""},"class_list":["post-12388","page","type-page","status-publish","hentry","entry"],"acf":[],"_links":{"self":[{"href":"https:\/\/www.griffbereit-rucksack.de\/fr\/wp-json\/wp\/v2\/pages\/12388","targetHints":{"allow":["GET"]}}],"collection":[{"href":"https:\/\/www.griffbereit-rucksack.de\/fr\/wp-json\/wp\/v2\/pages"}],"about":[{"href":"https:\/\/www.griffbereit-rucksack.de\/fr\/wp-json\/wp\/v2\/types\/page"}],"author":[{"embeddable":true,"href":"https:\/\/www.griffbereit-rucksack.de\/fr\/wp-json\/wp\/v2\/users\/1"}],"replies":[{"embeddable":true,"href":"https:\/\/www.griffbereit-rucksack.de\/fr\/wp-json\/wp\/v2\/comments?post=12388"}],"version-history":[{"count":0,"href":"https:\/\/www.griffbereit-rucksack.de\/fr\/wp-json\/wp\/v2\/pages\/12388\/revisions"}],"wp:attachment":[{"href":"https:\/\/www.griffbereit-rucksack.de\/fr\/wp-json\/wp\/v2\/media?parent=12388"}],"curies":[{"name":"wp","href":"https:\/\/api.w.org\/{rel}","templated":true}]}}

Matériau griffbereitMINI

<h2>
		Les matériaux Griffbereit en un coup d'œil
	</h2>
	<p>Le package complet comprend</p>
<ul>
<li>Manuel pour les accompagnateurs de groupes pour la préparation de base et l'introduction au travail griffbereitMINI</li>
<li>Matériel complémentaire pour une planification et une préparation ciblées du travail multilingue dans le groupe griffbereitMINI</li>
</ul>

<div class="entry-summary">
<div class="entry-summary">
Die Griffbereit-Materialien im Überblick Das Gesamtpaket besteht aus: Handbuch für Gruppenbegleiter*innen zur grundlegenden Vorbereitung und Einführung in die&hellip;
</div>
<div class="link-more"><a href="https://www.griffbereit-rucksack.de/fr/griffbereitmini-material/" class="more-link">Continuer la lecture<span class="screen-reader-text"> &ldquo;griffbereitMINI-Material&rdquo;</span>...</a></div>
</div>
<div class="link-more"><a href="https://www.griffbereit-rucksack.de/fr/griffbereitmini-material/" class="more-link">Continuer la lecture<span class="screen-reader-text"> &ldquo;griffbereitMINI-Material&rdquo;</span>...</a></div>
