{"id":541,"date":"2019-09-06T14:46:03","date_gmt":"2019-09-06T12:46:03","guid":{"rendered":"https:\/\/www.griffbereit-rucksack.de\/?page_id=541"},"modified":"2021-07-08T10:04:27","modified_gmt":"2021-07-08T08:04:27","slug":"umsetzung-griffbereit","status":"publish","type":"page","link":"https:\/\/www.griffbereit-rucksack.de\/fa\/griffbereit\/umsetzung-griffbereit\/","title":{"rendered":"Umsetzung Griffbereit"},"content":{"rendered":"<h2>\n\t\tUmsetzung Griffbereit\n\t<\/h2>\n\t\n\t<p>Die Umsetzung von <em>Griffbereit<\/em> wird in NRW seit 2013 durch die Landesweite Koordinierungsstelle (LaKo) gesteuert und begleitet.<\/p>\n<p>Seit 2017 verantwortet die <em>LaKo<\/em> auch den bundesweiten Transfer, der durch die Auridis Stiftung gGmbH gef\u00f6rdert wird. Inzwischen gibt es in Deutschland bereits mehr als <strong>470 <em>Griffbereit<\/em>-Gruppen<\/strong>. Das Programm wird auch in weiteren europ\u00e4ischen L\u00e4ndern erfolgreich umgesetzt.<\/p>\n<strong>Rahmenbedingungen<br>\n<\/strong>Eine geeignete Ansiedlungsm\u00f6glichkeit f\u00fcr<em> Griffbereit<\/em> sind Familienzentren oder Bildungsinstitutionen, die eine Anlaufstelle f\u00fcr Eltern\/Familien mit internationaler Familiengeschichte sind, wie z.B. Tr\u00e4ger von Deutsch-\/Elternintegrationskursen, Br\u00fcckenangeboten. Dar\u00fcber hinaus sind offene Angebot in Unterk\u00fcnften f\u00fcr Familien mit Fluchterfahrung m\u00f6glich.\n<p>Sofern noch keine eigene Landeskoordinierungsstelle im Bundesland bzw. lokale Koordinierungsstelle besteht, schlie\u00dfen interessierte Tr\u00e4ger (Programmtr\u00e4ger) eine Kooperationsvereinbarung mit der<em> LaKo<\/em> NRW ab. Danach erhalten sie das <em>Griffbereit<\/em>-Materialpaket kostenfrei als PDF-Datei.<\/p>\n\t\t\t<a href=\"https:\/\/www.griffbereit-rucksack.de\/fa\/griffbereit-material\/\" target=\"_self\" role=\"button\" rel=\"noopener\">\n\t\t\t\t\t\t\t\u00dcberblick Griffbereit-Material\n\t\t\t<\/a>\n\t<p>Durch die Vereinbarung verpflichten sich alle Programmtr\u00e4ger, die Qualit\u00e4tsstandards des Programms einzuhalten sowie diese auf allen Ebenen sicherzustellen. Der Tr\u00e4ger vor Ort finanziert die Programmdurchf\u00fchrung sowie Schulung, Honorar und Anleitung der Elternbegleiter*innen.<\/p>\n<p>Das beim ZfTI angesiedelte Bundestransfer-Team koordiniert und\/oder begleitet das Programm bundesweit auch in Kooperation mit anderen \u00c4mtern und Tr\u00e4gern und bietet Informationsveranstaltungen sowie Schulungen an. Ebenso ist das Bundestransfer-Team f\u00fcr die kontinuierliche fachliche Begleitung zust\u00e4ndig. Angestrebt ist die Etablierung von Landeskoordinierungsstellen in jedem Bundesland, in dem das Programm Anwendung findet, um eine gezielte Begleitung der Arbeit vor Ort zu gew\u00e4hrleisten.<\/p>\n\t\t\t<a href=\"https:\/\/www.griffbereit-rucksack.de\/fa\/organisatorisches-griffbereit\/\" target=\"_self\" role=\"button\" rel=\"noopener\">\n\t\t\t\t\t\t\t\u00dcberblick Organisatorisches\n\t\t\t<\/a>","protected":false},"excerpt":{"rendered":"<div class=\"entry-summary\">\n<div class=\"entry-summary\">\nDie Umsetzung wird in Nordrhein-Westfalen seit 2013 durch die Landesweite Koordinierungsstelle (LaKo) gesteuert und begleitet.\n<\/div>\n<div class=\"link-more\"><a href=\"https:\/\/www.griffbereit-rucksack.de\/fa\/griffbereit\/umsetzung-griffbereit\/\" class=\"more-link\">Continue reading<span class=\"screen-reader-text\"> &ldquo;Umsetzung Griffbereit&rdquo;<\/span>&hellip;<\/a><\/div>\n<\/div>\n<div class=\"link-more\"><a href=\"https:\/\/www.griffbereit-rucksack.de\/fa\/griffbereit\/umsetzung-griffbereit\/\" class=\"more-link\">Continue reading<span class=\"screen-reader-text\"> &ldquo;Umsetzung Griffbereit&rdquo;<\/span>&hellip;<\/a><\/div>","protected":false},"author":1,"featured_media":0,"parent":530,"menu_order":0,"comment_status":"closed","ping_status":"closed","template":"","meta":{"_acf_changed":false,"footnotes":""},"class_list":["post-541","page","type-page","status-publish","hentry","entry"],"acf":[],"_links":{"self":[{"href":"https:\/\/www.griffbereit-rucksack.de\/fa\/wp-json\/wp\/v2\/pages\/541","targetHints":{"allow":["GET"]}}],"collection":[{"href":"https:\/\/www.griffbereit-rucksack.de\/fa\/wp-json\/wp\/v2\/pages"}],"about":[{"href":"https:\/\/www.griffbereit-rucksack.de\/fa\/wp-json\/wp\/v2\/types\/page"}],"author":[{"embeddable":true,"href":"https:\/\/www.griffbereit-rucksack.de\/fa\/wp-json\/wp\/v2\/users\/1"}],"replies":[{"embeddable":true,"href":"https:\/\/www.griffbereit-rucksack.de\/fa\/wp-json\/wp\/v2\/comments?post=541"}],"version-history":[{"count":0,"href":"https:\/\/www.griffbereit-rucksack.de\/fa\/wp-json\/wp\/v2\/pages\/541\/revisions"}],"up":[{"embeddable":true,"href":"https:\/\/www.griffbereit-rucksack.de\/fa\/wp-json\/wp\/v2\/pages\/530"}],"wp:attachment":[{"href":"https:\/\/www.griffbereit-rucksack.de\/fa\/wp-json\/wp\/v2\/media?parent=541"}],"curies":[{"name":"wp","href":"https:\/\/api.w.org\/{rel}","templated":true}]}}

<h2>
		Umsetzung Griffbereit
	</h2>
	
	<p>Die Umsetzung von <em>Griffbereit</em> wird in NRW seit 2013 durch die Landesweite Koordinierungsstelle (LaKo) gesteuert und begleitet.</p>
<p>Seit 2017 verantwortet die <em>LaKo</em> auch den bundesweiten Transfer, der durch die Auridis Stiftung gGmbH gefördert wird. Inzwischen gibt es in Deutschland bereits mehr als <strong>470 <em>Griffbereit</em>-Gruppen</strong>. Das Programm wird auch in weiteren europäischen Ländern erfolgreich umgesetzt.</p>
<strong>Rahmenbedingungen<br>
</strong>Eine geeignete Ansiedlungsmöglichkeit für<em> Griffbereit</em> sind Familienzentren oder Bildungsinstitutionen, die eine Anlaufstelle für Eltern/Familien mit internationaler Familiengeschichte sind, wie z.B. Träger von Deutsch-/Elternintegrationskursen, Brückenangeboten. Darüber hinaus sind offene Angebot in Unterkünften für Familien mit Fluchterfahrung möglich.
<p>Sofern noch keine eigene Landeskoordinierungsstelle im Bundesland bzw. lokale Koordinierungsstelle besteht, schließen interessierte Träger (Programmträger) eine Kooperationsvereinbarung mit der<em> LaKo</em> NRW ab. Danach erhalten sie das <em>Griffbereit</em>-Materialpaket kostenfrei als PDF-Datei.</p>
			<a href="https://www.griffbereit-rucksack.de/fa/griffbereit-material/" target="_self" role="button" rel="noopener">
							Überblick Griffbereit-Material
			</a>
	<p>Durch die Vereinbarung verpflichten sich alle Programmträger, die Qualitätsstandards des Programms einzuhalten sowie diese auf allen Ebenen sicherzustellen. Der Träger vor Ort finanziert die Programmdurchführung sowie Schulung, Honorar und Anleitung der Elternbegleiter*innen.</p>
<p>Das beim ZfTI angesiedelte Bundestransfer-Team koordiniert und/oder begleitet das Programm bundesweit auch in Kooperation mit anderen Ämtern und Trägern und bietet Informationsveranstaltungen sowie Schulungen an. Ebenso ist das Bundestransfer-Team für die kontinuierliche fachliche Begleitung zuständig. Angestrebt ist die Etablierung von Landeskoordinierungsstellen in jedem Bundesland, in dem das Programm Anwendung findet, um eine gezielte Begleitung der Arbeit vor Ort zu gewährleisten.</p>
			<a href="https://www.griffbereit-rucksack.de/fa/organisatorisches-griffbereit/" target="_self" role="button" rel="noopener">
							Überblick Organisatorisches
			</a>
