{"id":12924,"date":"2023-11-01T15:30:36","date_gmt":"2023-11-01T14:30:36","guid":{"rendered":"https:\/\/www.griffbereit-rucksack.de\/?page_id=12924"},"modified":"2023-11-13T15:35:18","modified_gmt":"2023-11-13T14:35:18","slug":"eb-konferenz","status":"publish","type":"page","link":"https:\/\/www.griffbereit-rucksack.de\/fa\/eb-konferenz\/","title":{"rendered":"Elternbegleiter*innen-Konferenz 2023"},"content":{"rendered":"<h1><strong>\u00a0<\/strong><\/h1>\n<p>Bundesweit sind aktuell bei griffbereitMINI und Griffbereit \u00fcber 750 Elternbegleiter*innen und bei Rucksack KiTa \u00fcber 600 Elternbegleiter*innen aktiv.<\/p>\n<p>Ihnen als Elternbegleiter*innen kommt eine wesentliche Schl\u00fcsselfunktion zu, denn: Sie sprechen die gleichen Sprachen und haben teilweise \u00e4hnliche Familiensituationen. Damit gewinnen Sie schneller das Vertrauen der Familien und k\u00f6nnen so leichter eine Br\u00fccke schlagen zwischen Bildungssituationen, den *Familien und ihren Lebenswelten, aber auch Kommunen.<\/p>\n<p>&nbsp;<\/p>\n<p>\u00a0<\/p>\n<p>&nbsp;<\/p>\n\t<h3><strong>04.12.23<\/strong><\/h3>\n\t<h4><strong>Vor Ort: <\/strong><strong>08:45 &#8211; 16:45 Uhr<\/strong><\/h4>\n\t<h4><strong>Digital: 09:45 &#8211; 16:00 Uhr<\/strong><\/h4>\n\t<h3><strong>VOR ORT<\/strong><\/h3>\n\t<h3><strong>DIGITAL<\/strong><\/h3>\n\t<h2><strong>ANMELDUNG ZUR VOR ORT-VERANSTALTUNG<\/strong><\/h2>\n\tW\u00e4hlen Sie &#8222;ANMELDUNG VOR ORT&#8220;, wenn Sie in Pr\u00e4senz im ChorForum Essen an der EB-Konferenz teilnehmen m\u00f6chten. Im n\u00e4chsten Schritt k\u00f6nnen Sie ein Fachforum ausw\u00e4hlen.<br \/>\n\n\t\t\t<a href=\"https:\/\/www.griffbereit-rucksack.de\/fa\/eb-konferenz-fachforen-vor-ort\/\" target=\"_self\" role=\"button\" rel=\"noopener\">\n\t\t\t\t\t\tANMELDUNG VOR ORT\n\t\t\t\t\t<\/a>\n\t<h2><strong>ANMELDUNG ZUR DIGITALVERANSTALTUNG<\/strong><\/h2>\n\tW\u00e4hlen Sie &#8222;ANMELDUNG DIGITAL&#8220;, wenn Sie von zu Hause \u00fcber Zoom an der EB-Konferenz teilnehmen m\u00f6chten. Im n\u00e4chsten Schritt k\u00f6nnen Sie ein Fachforum ausw\u00e4hlen.<br \/>\n\n\t\t\t<a href=\"https:\/\/www.griffbereit-rucksack.de\/fa\/eb-konferenz-fachforen-digital\/\" target=\"_self\" role=\"button\" rel=\"noopener\">\n\t\t\t\t\t\tANMELDUNG DIGITAL\n\t\t\t\t\t<\/a>","protected":false},"excerpt":{"rendered":"<div class=\"entry-summary\">\n<div class=\"entry-summary\">\n\u00a0 Bundesweit sind aktuell bei griffbereitMINI und Griffbereit \u00fcber 750 Elternbegleiter*innen und bei Rucksack KiTa \u00fcber 600 Elternbegleiter*innen&hellip;\n<\/div>\n<div class=\"link-more\"><a href=\"https:\/\/www.griffbereit-rucksack.de\/fa\/eb-konferenz\/\" class=\"more-link\">Continue reading<span class=\"screen-reader-text\"> &ldquo;Elternbegleiter*innen-Konferenz 2023&rdquo;<\/span>&hellip;<\/a><\/div>\n<\/div>\n<div class=\"link-more\"><a href=\"https:\/\/www.griffbereit-rucksack.de\/fa\/eb-konferenz\/\" class=\"more-link\">Continue reading<span class=\"screen-reader-text\"> &ldquo;Elternbegleiter*innen-Konferenz 2023&rdquo;<\/span>&hellip;<\/a><\/div>","protected":false},"author":1,"featured_media":0,"parent":0,"menu_order":0,"comment_status":"closed","ping_status":"closed","template":"","meta":{"_acf_changed":false,"footnotes":""},"class_list":["post-12924","page","type-page","status-publish","hentry","entry"],"acf":[],"_links":{"self":[{"href":"https:\/\/www.griffbereit-rucksack.de\/fa\/wp-json\/wp\/v2\/pages\/12924","targetHints":{"allow":["GET"]}}],"collection":[{"href":"https:\/\/www.griffbereit-rucksack.de\/fa\/wp-json\/wp\/v2\/pages"}],"about":[{"href":"https:\/\/www.griffbereit-rucksack.de\/fa\/wp-json\/wp\/v2\/types\/page"}],"author":[{"embeddable":true,"href":"https:\/\/www.griffbereit-rucksack.de\/fa\/wp-json\/wp\/v2\/users\/1"}],"replies":[{"embeddable":true,"href":"https:\/\/www.griffbereit-rucksack.de\/fa\/wp-json\/wp\/v2\/comments?post=12924"}],"version-history":[{"count":0,"href":"https:\/\/www.griffbereit-rucksack.de\/fa\/wp-json\/wp\/v2\/pages\/12924\/revisions"}],"wp:attachment":[{"href":"https:\/\/www.griffbereit-rucksack.de\/fa\/wp-json\/wp\/v2\/media?parent=12924"}],"curies":[{"name":"wp","href":"https:\/\/api.w.org\/{rel}","templated":true}]}}

<h1><strong> </strong></h1>
<p>Bundesweit sind aktuell bei griffbereitMINI und Griffbereit über 750 Elternbegleiter*innen und bei Rucksack KiTa über 600 Elternbegleiter*innen aktiv.</p>
<p>Ihnen als Elternbegleiter*innen kommt eine wesentliche Schlüsselfunktion zu, denn: Sie sprechen die gleichen Sprachen und haben teilweise ähnliche Familiensituationen. Damit gewinnen Sie schneller das Vertrauen der Familien und können so leichter eine Brücke schlagen zwischen Bildungssituationen, den *Familien und ihren Lebenswelten, aber auch Kommunen.</p>
<p>&nbsp;</p>
<p> </p>
<p>&nbsp;</p>
	<h3><strong>04.12.23</strong></h3>
	<h4><strong>Vor Ort: </strong><strong>08:45 &#8211; 16:45 Uhr</strong></h4>
	<h4><strong>Digital: 09:45 &#8211; 16:00 Uhr</strong></h4>
	<h3><strong>VOR ORT</strong></h3>
	<h3><strong>DIGITAL</strong></h3>
	<h2><strong>ANMELDUNG ZUR VOR ORT-VERANSTALTUNG</strong></h2>
	Wählen Sie &#8222;ANMELDUNG VOR ORT&#8220;, wenn Sie in Präsenz im ChorForum Essen an der EB-Konferenz teilnehmen möchten. Im nächsten Schritt können Sie ein Fachforum auswählen.<br />

			<a href="https://www.griffbereit-rucksack.de/fa/eb-konferenz-fachforen-vor-ort/" target="_self" role="button" rel="noopener">
						ANMELDUNG VOR ORT
					</a>
	<h2><strong>ANMELDUNG ZUR DIGITALVERANSTALTUNG</strong></h2>
	Wählen Sie &#8222;ANMELDUNG DIGITAL&#8220;, wenn Sie von zu Hause über Zoom an der EB-Konferenz teilnehmen möchten. Im nächsten Schritt können Sie ein Fachforum auswählen.<br />

			<a href="https://www.griffbereit-rucksack.de/fa/eb-konferenz-fachforen-digital/" target="_self" role="button" rel="noopener">
						ANMELDUNG DIGITAL
					</a>

<div class="entry-summary">
<div class="entry-summary">
  Bundesweit sind aktuell bei griffbereitMINI und Griffbereit über 750 Elternbegleiter*innen und bei Rucksack KiTa über 600 Elternbegleiter*innen&hellip;
</div>
<div class="link-more"><a href="https://www.griffbereit-rucksack.de/fa/eb-konferenz/" class="more-link">Continue reading<span class="screen-reader-text"> &ldquo;Elternbegleiter*innen-Konferenz 2023&rdquo;</span>&hellip;</a></div>
</div>
<div class="link-more"><a href="https://www.griffbereit-rucksack.de/fa/eb-konferenz/" class="more-link">Continue reading<span class="screen-reader-text"> &ldquo;Elternbegleiter*innen-Konferenz 2023&rdquo;</span>&hellip;</a></div>
