{"id":12385,"date":"2023-05-03T13:03:01","date_gmt":"2023-05-03T11:03:01","guid":{"rendered":"https:\/\/www.griffbereit-rucksack.de\/?page_id=12385"},"modified":"2023-07-17T15:56:40","modified_gmt":"2023-07-17T13:56:40","slug":"organisatorisches-griffbereitmini","status":"publish","type":"page","link":"https:\/\/www.griffbereit-rucksack.de\/fa\/organisatorisches-griffbereitmini\/","title":{"rendered":"Organisatorisches griffbereitMINI"},"content":{"rendered":"<p><strong>Eckpunkte <em>griffbereitMINI<\/em>-Gruppe:<\/strong><\/p>\n<ul>\n<li>Art der Veranstaltung: Eltern-Kind-Aktivit\u00e4ten in den jeweiligen *Familiensprachen<\/li>\n<li>Alter der Kinder: von ungeboren bis zu einem Jahr<\/li>\n<li>Teilnehmer(innen)zahl: bis zu 8 *Eltern\/*Familien pro Gruppe<\/li>\n<li>Turnus: regul\u00e4r 1 x pro Woche (kann auch h\u00e4ufiger stattfinden, sofern der Bedarf bei den *Familien besteht) f\u00fcr 90 min<\/li>\n<li>Laufzeit: bis zur Vollendung des ersten Lebensjahrs<\/li>\n<li>Leitung: 2 Gruppenbegleiter*innen (idealerweise eine p\u00e4dagogische Fachkraft und ein*e Elternbegleiter*in; wenn nicht anders zu realisieren auch zwei Elternbegleiter*innen), mindestens aber 1 Person in der Rolle der Gruppenbegleitung<\/li>\n<\/ul>\n<strong><br \/>\nRolle Gruppenbegleiter*innen:<\/strong>\n<p>Es ist wichtig bei der Auswahl der Gruppenbegleiter*innen auf ihre sprachliche Kompetenz zu achten. Bei einer Doppelbesetzung kann eine der beiden Gruppenbegleiter*innen einsprachig Deutsch sein, wenn die zweite Leitung mehrsprachig ist und Deutsch als Zweitsprache gut beherrscht. Die Gruppenbegleiter*innen sichern somit auch die durchg\u00e4ngige und verl\u00e4ssliche Verwendung der MehrSprachigkeit in der Gruppe.<\/p>\n<p>MehrSprachigkeit, vielfaltsorientierte Zusammenarbeit und offenes Miteinander sind Eigenschaften, die die Gruppenbegleiter*innen -auch den *Eltern\/*Familien gegen\u00fcber-vorleben. Die Impulse, die von den Elternbegleiter*innen durch die Gestaltung der <em>griffbereitMINI-<\/em>Gruppen mit spielerischen Aktivit\u00e4ten, Liedern und Anregungen gesetzt werden, geben den *Eltern\/*Familien neue Ideen und Sicherheit f\u00fcr die Besch\u00e4ftigung mit ihren Kindern und die St\u00e4rkung der Beziehung in der Familie.<\/p>\n<p>&nbsp;<\/p>\n\t<strong>Qualifikation Gruppenbegleiter*innen:<br \/>\n<\/strong>Die Gruppenbegleiter*innen werden vor Beginn der Programmdurchf\u00fchrung auf ihre T\u00e4tigkeiten vorbereitet (Konzept, Ziele und Inhalte des\u00a0<em>griffbereitMINI<\/em>-Programmes<a href=\"https:\/\/www.griffbereit-rucksack.de\/fa\/organisatorisches-griffbereit\/#_ftn1\">[1]<\/a>). Um eine hohe Qualit\u00e4t in der Umsetzung der\u00a0<em>griffbereitMINI<\/em>-Gruppe zu sichern, sollte den Gruppenbegleiter*innen fortlaufend ein Angebot an Weiterbildungen zur Verf\u00fcgung stehen.\n\t<strong>Organisation Gruppenbegleiter*innen:<\/strong><br \/>\nNeben Weiterbildungen ist eine regelm\u00e4\u00dfige Begleitung und Beratung der Gruppenbegleiter*innen f\u00fcr Austausch, Reflexion, Auswertung sowie Vor- und Nachbereitung der Gruppenarbeit erforderlich. Die Anleitung sowie programmbegleitende Qualifizierung wird an die Bedarfe der Gruppenbegleiter*innen angepasst. Je nach beruflicher Vorqualifikation der p\u00e4dagogischen Fachkr\u00e4fte m\u00fcssen diese z.B. nicht zwingend alle Teile der Qualifizierung mitmachen. Nach der Programmeinf\u00fchrung sollten regelm\u00e4\u00dfig Austausch- und Reflexionstreffen mit allen Akteuren (ca. alle 6-8 Wochen) stattfinden.\n<strong>Organisation Programmkoordinator*in:<\/strong><br \/>\nDie anleitende Person \u00fcbernimmt die Einweisung in das Programm, die Begleitung bei der Ansprache und Zusammensetzung einer\u00a0<em>griffbereitMINI<\/em>-Gruppe, ggf. die Ansprache und Absprachen mit den p\u00e4dagogischen Fachkr\u00e4ften der Einrichtung, die Anleitung der Elternbegleiter*innen und die Fortbildung von Elternbegleiter*innen und p\u00e4dagogischen Fachkr\u00e4fte.\n\t<p><a href=\"#_ftnref1\" name=\"_ftn1\">[1]<\/a> Weitere inhaltliche Schwerpunkte sind: Die Rolle als Elternbegleiter*in, die griffbereitMINI-Materialien, die praktische Umsetzung, Reflexion, Gesundheitsthemen, Alltagsunterst\u00fctzung, usw.<\/p>","protected":false},"excerpt":{"rendered":"<div class=\"entry-summary\">\n<div class=\"entry-summary\">\nEckpunkte griffbereitMINI-Gruppe: Art der Veranstaltung: Eltern-Kind-Aktivit\u00e4ten in den jeweiligen *Familiensprachen Alter der Kinder: von ungeboren bis zu einem&hellip;\n<\/div>\n<div class=\"link-more\"><a href=\"https:\/\/www.griffbereit-rucksack.de\/fa\/organisatorisches-griffbereitmini\/\" class=\"more-link\">Continue reading<span class=\"screen-reader-text\"> &ldquo;Organisatorisches griffbereitMINI&rdquo;<\/span>&hellip;<\/a><\/div>\n<\/div>\n<div class=\"link-more\"><a href=\"https:\/\/www.griffbereit-rucksack.de\/fa\/organisatorisches-griffbereitmini\/\" class=\"more-link\">Continue reading<span class=\"screen-reader-text\"> &ldquo;Organisatorisches griffbereitMINI&rdquo;<\/span>&hellip;<\/a><\/div>","protected":false},"author":1,"featured_media":0,"parent":0,"menu_order":0,"comment_status":"closed","ping_status":"closed","template":"","meta":{"_acf_changed":false,"footnotes":""},"class_list":["post-12385","page","type-page","status-publish","hentry","entry"],"acf":[],"_links":{"self":[{"href":"https:\/\/www.griffbereit-rucksack.de\/fa\/wp-json\/wp\/v2\/pages\/12385","targetHints":{"allow":["GET"]}}],"collection":[{"href":"https:\/\/www.griffbereit-rucksack.de\/fa\/wp-json\/wp\/v2\/pages"}],"about":[{"href":"https:\/\/www.griffbereit-rucksack.de\/fa\/wp-json\/wp\/v2\/types\/page"}],"author":[{"embeddable":true,"href":"https:\/\/www.griffbereit-rucksack.de\/fa\/wp-json\/wp\/v2\/users\/1"}],"replies":[{"embeddable":true,"href":"https:\/\/www.griffbereit-rucksack.de\/fa\/wp-json\/wp\/v2\/comments?post=12385"}],"version-history":[{"count":0,"href":"https:\/\/www.griffbereit-rucksack.de\/fa\/wp-json\/wp\/v2\/pages\/12385\/revisions"}],"wp:attachment":[{"href":"https:\/\/www.griffbereit-rucksack.de\/fa\/wp-json\/wp\/v2\/media?parent=12385"}],"curies":[{"name":"wp","href":"https:\/\/api.w.org\/{rel}","templated":true}]}}

<p><strong>Eckpunkte <em>griffbereitMINI</em>-Gruppe:</strong></p>
<ul>
<li>Art der Veranstaltung: Eltern-Kind-Aktivitäten in den jeweiligen *Familiensprachen</li>
<li>Alter der Kinder: von ungeboren bis zu einem Jahr</li>
<li>Teilnehmer(innen)zahl: bis zu 8 *Eltern/*Familien pro Gruppe</li>
<li>Turnus: regulär 1 x pro Woche (kann auch häufiger stattfinden, sofern der Bedarf bei den *Familien besteht) für 90 min</li>
<li>Laufzeit: bis zur Vollendung des ersten Lebensjahrs</li>
<li>Leitung: 2 Gruppenbegleiter*innen (idealerweise eine pädagogische Fachkraft und ein*e Elternbegleiter*in; wenn nicht anders zu realisieren auch zwei Elternbegleiter*innen), mindestens aber 1 Person in der Rolle der Gruppenbegleitung</li>
</ul>
<strong><br />
Rolle Gruppenbegleiter*innen:</strong>
<p>Es ist wichtig bei der Auswahl der Gruppenbegleiter*innen auf ihre sprachliche Kompetenz zu achten. Bei einer Doppelbesetzung kann eine der beiden Gruppenbegleiter*innen einsprachig Deutsch sein, wenn die zweite Leitung mehrsprachig ist und Deutsch als Zweitsprache gut beherrscht. Die Gruppenbegleiter*innen sichern somit auch die durchgängige und verlässliche Verwendung der MehrSprachigkeit in der Gruppe.</p>
<p>MehrSprachigkeit, vielfaltsorientierte Zusammenarbeit und offenes Miteinander sind Eigenschaften, die die Gruppenbegleiter*innen -auch den *Eltern/*Familien gegenüber-vorleben. Die Impulse, die von den Elternbegleiter*innen durch die Gestaltung der <em>griffbereitMINI-</em>Gruppen mit spielerischen Aktivitäten, Liedern und Anregungen gesetzt werden, geben den *Eltern/*Familien neue Ideen und Sicherheit für die Beschäftigung mit ihren Kindern und die Stärkung der Beziehung in der Familie.</p>
<p>&nbsp;</p>
	<strong>Qualifikation Gruppenbegleiter*innen:<br />
</strong>Die Gruppenbegleiter*innen werden vor Beginn der Programmdurchführung auf ihre Tätigkeiten vorbereitet (Konzept, Ziele und Inhalte des <em>griffbereitMINI</em>-Programmes<a href="https://www.griffbereit-rucksack.de/fa/organisatorisches-griffbereit/#_ftn1">[1]</a>). Um eine hohe Qualität in der Umsetzung der <em>griffbereitMINI</em>-Gruppe zu sichern, sollte den Gruppenbegleiter*innen fortlaufend ein Angebot an Weiterbildungen zur Verfügung stehen.
	<strong>Organisation Gruppenbegleiter*innen:</strong><br />
Neben Weiterbildungen ist eine regelmäßige Begleitung und Beratung der Gruppenbegleiter*innen für Austausch, Reflexion, Auswertung sowie Vor- und Nachbereitung der Gruppenarbeit erforderlich. Die Anleitung sowie programmbegleitende Qualifizierung wird an die Bedarfe der Gruppenbegleiter*innen angepasst. Je nach beruflicher Vorqualifikation der pädagogischen Fachkräfte müssen diese z.B. nicht zwingend alle Teile der Qualifizierung mitmachen. Nach der Programmeinführung sollten regelmäßig Austausch- und Reflexionstreffen mit allen Akteuren (ca. alle 6-8 Wochen) stattfinden.
<strong>Organisation Programmkoordinator*in:</strong><br />
Die anleitende Person übernimmt die Einweisung in das Programm, die Begleitung bei der Ansprache und Zusammensetzung einer <em>griffbereitMINI</em>-Gruppe, ggf. die Ansprache und Absprachen mit den pädagogischen Fachkräften der Einrichtung, die Anleitung der Elternbegleiter*innen und die Fortbildung von Elternbegleiter*innen und pädagogischen Fachkräfte.
	<p><a href="#_ftnref1" name="_ftn1">[1]</a> Weitere inhaltliche Schwerpunkte sind: Die Rolle als Elternbegleiter*in, die griffbereitMINI-Materialien, die praktische Umsetzung, Reflexion, Gesundheitsthemen, Alltagsunterstützung, usw.</p>

<div class="entry-summary">
<div class="entry-summary">
Eckpunkte griffbereitMINI-Gruppe: Art der Veranstaltung: Eltern-Kind-Aktivitäten in den jeweiligen *Familiensprachen Alter der Kinder: von ungeboren bis zu einem&hellip;
</div>
<div class="link-more"><a href="https://www.griffbereit-rucksack.de/fa/organisatorisches-griffbereitmini/" class="more-link">Continue reading<span class="screen-reader-text"> &ldquo;Organisatorisches griffbereitMINI&rdquo;</span>&hellip;</a></div>
</div>
<div class="link-more"><a href="https://www.griffbereit-rucksack.de/fa/organisatorisches-griffbereitmini/" class="more-link">Continue reading<span class="screen-reader-text"> &ldquo;Organisatorisches griffbereitMINI&rdquo;</span>&hellip;</a></div>
