{"id":12368,"date":"2023-05-03T12:09:20","date_gmt":"2023-05-03T10:09:20","guid":{"rendered":"https:\/\/www.griffbereit-rucksack.de\/?page_id=12368"},"modified":"2023-07-17T16:06:39","modified_gmt":"2023-07-17T14:06:39","slug":"zielgruppen-griffbereitmini","status":"publish","type":"page","link":"https:\/\/www.griffbereit-rucksack.de\/fa\/zielgruppen-griffbereitmini\/","title":{"rendered":"Zielgruppen griffbereitMINI"},"content":{"rendered":"<h2>\n\t\tAn wen richtet sich griffbereitMINI?\n\t<\/h2>\n\t<p>Das Programm <em>griffbereitMINI<\/em> umfasst folgende Zielgruppen:<\/p>\n<p><strong>*Eltern bzw. *Familien als Experten<\/strong><\/p>\n<p>Orientiert an ihren St\u00e4rken agieren die *Eltern\/*Familien als Experten f\u00fcr die Entwicklung der Familiensprache(n). Zudem geben die in den Gruppen vermittelten Erfahrungen, Methoden und Anregungen den *Eltern\/*Familien Sicherheit und st\u00e4rken das Vertrauen in die eigenen Kompetenzen. Ebenso wird den *Eltern\/*Familien durch eine strukturierte Vermittlung der Programminhalte die M\u00f6glichkeit er\u00f6ffnet, sich der Entwicklung ihrer Kinder gezielt zuzuwenden. Somit kann auch die Beziehung zueinander und die eigene Identit\u00e4t potenziell gest\u00e4rkt werden.<\/p>\n<p><strong>Kinder als Bildungsprofiteure<\/strong><\/p>\n<p>Sprache z\u00e4hlt zu den wichtigsten Schl\u00fcsselkompetenzen. Besonders f\u00fcr Kinder, die mehrsprachig aufwachsen und somit Potenziale der MehrSprachigkeit mitbringen und am Anfang der Sprachentwicklung stehen, sind die fr\u00fche Sprachbildung und die Unterst\u00fctzung sprachlicher Kompetenzen durch *Eltern\/*Familien sowie P\u00e4dagog*innen von ausschlaggebender Bedeutung.<\/p>\n<p><strong>Die St\u00e4rkung der sprachlichen Entwicklung ist somit zu Recht eine der zentralen Bildungsaufgaben im Kleinkind- und Vorschulalter (Elementarbereich).<\/strong><\/p>\n<p>Neu gewonnene wissenschaftliche Erkenntnisse und Praxiserfahrungen zeigen, dass es &#8211; neben der St\u00e4rkung der Identit\u00e4t und der allgemeinen kindlichen Entwicklung (Motorik etc.) &#8211; vor allem eine systematische alltagsintegrierte Sprachbildung ist, die die sprachliche Entwicklung der Kinder f\u00f6rdert.<\/p>\n<p><strong>Gruppenbegleiter*innen als Bindeglied<\/strong><\/p>\n<p>Eine entscheidende Rolle haben die Gruppenbegleiter*innen inne. Sie leiten die <em>griffbereitMINI<\/em>-Gruppe(n). Nach M\u00f6glichkeit sollte eine mehrsprachige Person mit Einwanderungsgeschichte und eine p\u00e4dagogische Fachkraft &#8211; im Idealfall aus der Bildungsinstitution selbst (freigestellte p\u00e4dagogische Fachkraft) &#8211;\u00a0 oder alternativ eine externe Fachkraft (Studierende, Fachkraft in Elternzeit, Sprachf\u00f6rderkraft, Eltern-\/Familienteil, etc.) diese Aufgabe \u00fcbernehmen.<\/p>\n<p><strong>Die Vorteile liegen auf der Hand: Personen mit \u00e4hnlicher Familiensituation und gleicher Sprache werden schneller als Vertrauenspersonen angesehen.<\/strong><\/p>\n<p>Sie k\u00f6nnen somit leichter eine vermittelnde Rolle bzw. \u201eBr\u00fcckenfunktion&#8220; zwischen Bildungsinstitutionen und Familien einnehmen. Die Gruppenbegleiter*innen selbst werden von sogenannten Anleiter*innen (Koordinator*innen)<a href=\"https:\/\/www.griffbereit-rucksack.de\/fa\/zielgruppen-griffbereit\/#_ftn1\">[1]<\/a> begleitet und qualifiziert.<\/p>\n\t\t\t<a href=\"https:\/\/www.griffbereit-rucksack.de\/fa\/qualifizierung-zur-elternbegleiterin-fuer-griffbereit\/\" target=\"_self\" role=\"button\" rel=\"noopener\">\n\t\t\t\t\t\t\tQualifizierung zur Elternbegleiter*in\n\t\t\t<\/a>\n\t[1] Anleiter*innen sind professionelle Fachkr\u00e4fte, die p\u00e4dagogisch und vielfaltsorientiert vorqualifiziert sind, Kompetenz in der Theorie und praktischen Arbeit der MehrSprachigkeit und Erfahrungen im Kontext von Diversit\u00e4t und MehrSprachigkeit haben.<\/p>\n\t<p><strong>P\u00e4dagogische Fachkr\u00e4fte als Knotenpunkt<\/strong><\/p>\n<p>Die Aufgaben p\u00e4dagogischer Fachkr\u00e4fte sind komplexer und vielf\u00e4ltiger denn je. Neben Kinderbetreuung, -bildung, -erziehung und ganzheitlicher F\u00f6rderung bedarf es heute zunehmend der F\u00e4higkeit, Lebenswelten und Diversit\u00e4t wahrzunehmen, zu verstehen und Inklusion zu f\u00f6rdern. Genauso gilt es, Erziehungs- und Bildungspartnerschaften mit *Eltern\/*Familien und Bezugspersonen zu gestalten, \u00dcberg\u00e4nge zu unterst\u00fctzen sowie Institution und Team zu entwickeln und in Netzwerken zu kooperieren<a href=\"https:\/\/www.griffbereit-rucksack.de\/fa\/zielgruppen-griffbereit\/#_ftn1\">[1]<\/a>.<\/p>\n<p>Anspruchsvolle Prozesse, bei denen die P\u00e4dagog*innen Unterst\u00fctzungsangebote ben\u00f6tigen k\u00f6nnten &#8211; wie auch bei der (mehrsprachigen) alltagsintegrierten Bildung der Kinder.<\/p>\n<p><strong>Genau hier greifen die <em>griffbereitMINI<\/em>-Prinzipien der diversit\u00e4tsbewussten Bildung und Erziehung, die Einseitigkeiten und Ausgrenzungen aktiv entgegenwirken.<\/strong><\/p>\n<p>Die Arbeit mit <em>griffbereitMINI<\/em> bietet den (Bildungs-) Institutionen im Allgemeinen und den p\u00e4dagogischen Fachkr\u00e4ften im Besonderen demnach eine gro\u00dfe Chance. Bei Bedarf werden sie von den Programmkoordinator*innen beraten und begleitet und stehen sowohl mit den Gruppenbegleiter*innen als auch mit dem\/der Programmkoordinator*in bzw. Anleiter*in kontinuierlich im Austausch.<\/p>\n<p><strong>Bildungsinstitutionen als Multiplikatoren<\/strong><\/p>\n<p><em>griffbereitMINI<\/em> ist ein Programm, das v.a. in Bildungsinstitutionen stattfindet. Eine gro\u00dfe Chance, da sich diese so auch hinsichtlich Diversit\u00e4t bzw. Vielfalt und MehrSprachigkeit \u00f6ffnen k\u00f6nnen.<\/p>\n<p><strong>Diese Offenheit kann Prozesse ansto\u00dfen, die gro\u00dfe Ver\u00e4nderungen in der Bildungsinstitution selbst, im Stadtteil oder sogar in der Stadt oder im Landkreis bewirken k\u00f6nnen.<\/strong><\/p>\n<p><a href=\"https:\/\/www.griffbereit-rucksack.de\/fa\/zielgruppen-griffbereit\/#_ftnref1\">[1]<\/a> Vgl. L\u00e4nder\u00fcbergreifender Lehrplan Erzieher\/Erzieherin:<\/p>\n<p><a href=\"http:\/\/www.berufsbildung.nrw.de\/cms\/upload\/fs\/download\/sozial\/laenderuebergr-lp-erzieher.pdf\">http:\/\/www.berufsbildung.nrw.de\/cms\/upload\/fs\/download\/sozial\/laenderuebergr-lp-erzieher.pdf<\/a> (Stand: 30.07.2019).<\/p>","protected":false},"excerpt":{"rendered":"<div class=\"entry-summary\">\n<div class=\"entry-summary\">\nEltern\/Familien werden -orientiert an ihren St\u00e4rken- als Experten f\u00fcr die F\u00f6rderung der Herkunfts-\/Familiensprache(n) angesprochen.\n<\/div>\n<div class=\"link-more\"><a href=\"https:\/\/www.griffbereit-rucksack.de\/fa\/zielgruppen-griffbereitmini\/\" class=\"more-link\">Continue reading<span class=\"screen-reader-text\"> &ldquo;Zielgruppen griffbereitMINI&rdquo;<\/span>&hellip;<\/a><\/div>\n<\/div>\n<div class=\"link-more\"><a href=\"https:\/\/www.griffbereit-rucksack.de\/fa\/zielgruppen-griffbereitmini\/\" class=\"more-link\">Continue reading<span class=\"screen-reader-text\"> &ldquo;Zielgruppen griffbereitMINI&rdquo;<\/span>&hellip;<\/a><\/div>","protected":false},"author":1,"featured_media":0,"parent":0,"menu_order":0,"comment_status":"closed","ping_status":"closed","template":"","meta":{"_acf_changed":false,"footnotes":""},"class_list":["post-12368","page","type-page","status-publish","hentry","entry"],"acf":[],"_links":{"self":[{"href":"https:\/\/www.griffbereit-rucksack.de\/fa\/wp-json\/wp\/v2\/pages\/12368","targetHints":{"allow":["GET"]}}],"collection":[{"href":"https:\/\/www.griffbereit-rucksack.de\/fa\/wp-json\/wp\/v2\/pages"}],"about":[{"href":"https:\/\/www.griffbereit-rucksack.de\/fa\/wp-json\/wp\/v2\/types\/page"}],"author":[{"embeddable":true,"href":"https:\/\/www.griffbereit-rucksack.de\/fa\/wp-json\/wp\/v2\/users\/1"}],"replies":[{"embeddable":true,"href":"https:\/\/www.griffbereit-rucksack.de\/fa\/wp-json\/wp\/v2\/comments?post=12368"}],"version-history":[{"count":0,"href":"https:\/\/www.griffbereit-rucksack.de\/fa\/wp-json\/wp\/v2\/pages\/12368\/revisions"}],"wp:attachment":[{"href":"https:\/\/www.griffbereit-rucksack.de\/fa\/wp-json\/wp\/v2\/media?parent=12368"}],"curies":[{"name":"wp","href":"https:\/\/api.w.org\/{rel}","templated":true}]}}

<h2>
		An wen richtet sich griffbereitMINI?
	</h2>
	<p>Das Programm <em>griffbereitMINI</em> umfasst folgende Zielgruppen:</p>
<p><strong>*Eltern bzw. *Familien als Experten</strong></p>
<p>Orientiert an ihren Stärken agieren die *Eltern/*Familien als Experten für die Entwicklung der Familiensprache(n). Zudem geben die in den Gruppen vermittelten Erfahrungen, Methoden und Anregungen den *Eltern/*Familien Sicherheit und stärken das Vertrauen in die eigenen Kompetenzen. Ebenso wird den *Eltern/*Familien durch eine strukturierte Vermittlung der Programminhalte die Möglichkeit eröffnet, sich der Entwicklung ihrer Kinder gezielt zuzuwenden. Somit kann auch die Beziehung zueinander und die eigene Identität potenziell gestärkt werden.</p>
<p><strong>Kinder als Bildungsprofiteure</strong></p>
<p>Sprache zählt zu den wichtigsten Schlüsselkompetenzen. Besonders für Kinder, die mehrsprachig aufwachsen und somit Potenziale der MehrSprachigkeit mitbringen und am Anfang der Sprachentwicklung stehen, sind die frühe Sprachbildung und die Unterstützung sprachlicher Kompetenzen durch *Eltern/*Familien sowie Pädagog*innen von ausschlaggebender Bedeutung.</p>
<p><strong>Die Stärkung der sprachlichen Entwicklung ist somit zu Recht eine der zentralen Bildungsaufgaben im Kleinkind- und Vorschulalter (Elementarbereich).</strong></p>
<p>Neu gewonnene wissenschaftliche Erkenntnisse und Praxiserfahrungen zeigen, dass es &#8211; neben der Stärkung der Identität und der allgemeinen kindlichen Entwicklung (Motorik etc.) &#8211; vor allem eine systematische alltagsintegrierte Sprachbildung ist, die die sprachliche Entwicklung der Kinder fördert.</p>
<p><strong>Gruppenbegleiter*innen als Bindeglied</strong></p>
<p>Eine entscheidende Rolle haben die Gruppenbegleiter*innen inne. Sie leiten die <em>griffbereitMINI</em>-Gruppe(n). Nach Möglichkeit sollte eine mehrsprachige Person mit Einwanderungsgeschichte und eine pädagogische Fachkraft &#8211; im Idealfall aus der Bildungsinstitution selbst (freigestellte pädagogische Fachkraft) &#8211;  oder alternativ eine externe Fachkraft (Studierende, Fachkraft in Elternzeit, Sprachförderkraft, Eltern-/Familienteil, etc.) diese Aufgabe übernehmen.</p>
<p><strong>Die Vorteile liegen auf der Hand: Personen mit ähnlicher Familiensituation und gleicher Sprache werden schneller als Vertrauenspersonen angesehen.</strong></p>
<p>Sie können somit leichter eine vermittelnde Rolle bzw. „Brückenfunktion&#8220; zwischen Bildungsinstitutionen und Familien einnehmen. Die Gruppenbegleiter*innen selbst werden von sogenannten Anleiter*innen (Koordinator*innen)<a href="https://www.griffbereit-rucksack.de/fa/zielgruppen-griffbereit/#_ftn1">[1]</a> begleitet und qualifiziert.</p>
			<a href="https://www.griffbereit-rucksack.de/fa/qualifizierung-zur-elternbegleiterin-fuer-griffbereit/" target="_self" role="button" rel="noopener">
							Qualifizierung zur Elternbegleiter*in
			</a>
	[1] Anleiter*innen sind professionelle Fachkräfte, die pädagogisch und vielfaltsorientiert vorqualifiziert sind, Kompetenz in der Theorie und praktischen Arbeit der MehrSprachigkeit und Erfahrungen im Kontext von Diversität und MehrSprachigkeit haben.</p>
	<p><strong>Pädagogische Fachkräfte als Knotenpunkt</strong></p>
<p>Die Aufgaben pädagogischer Fachkräfte sind komplexer und vielfältiger denn je. Neben Kinderbetreuung, -bildung, -erziehung und ganzheitlicher Förderung bedarf es heute zunehmend der Fähigkeit, Lebenswelten und Diversität wahrzunehmen, zu verstehen und Inklusion zu fördern. Genauso gilt es, Erziehungs- und Bildungspartnerschaften mit *Eltern/*Familien und Bezugspersonen zu gestalten, Übergänge zu unterstützen sowie Institution und Team zu entwickeln und in Netzwerken zu kooperieren<a href="https://www.griffbereit-rucksack.de/fa/zielgruppen-griffbereit/#_ftn1">[1]</a>.</p>
<p>Anspruchsvolle Prozesse, bei denen die Pädagog*innen Unterstützungsangebote benötigen könnten &#8211; wie auch bei der (mehrsprachigen) alltagsintegrierten Bildung der Kinder.</p>
<p><strong>Genau hier greifen die <em>griffbereitMINI</em>-Prinzipien der diversitätsbewussten Bildung und Erziehung, die Einseitigkeiten und Ausgrenzungen aktiv entgegenwirken.</strong></p>
<p>Die Arbeit mit <em>griffbereitMINI</em> bietet den (Bildungs-) Institutionen im Allgemeinen und den pädagogischen Fachkräften im Besonderen demnach eine große Chance. Bei Bedarf werden sie von den Programmkoordinator*innen beraten und begleitet und stehen sowohl mit den Gruppenbegleiter*innen als auch mit dem/der Programmkoordinator*in bzw. Anleiter*in kontinuierlich im Austausch.</p>
<p><strong>Bildungsinstitutionen als Multiplikatoren</strong></p>
<p><em>griffbereitMINI</em> ist ein Programm, das v.a. in Bildungsinstitutionen stattfindet. Eine große Chance, da sich diese so auch hinsichtlich Diversität bzw. Vielfalt und MehrSprachigkeit öffnen können.</p>
<p><strong>Diese Offenheit kann Prozesse anstoßen, die große Veränderungen in der Bildungsinstitution selbst, im Stadtteil oder sogar in der Stadt oder im Landkreis bewirken können.</strong></p>
<p><a href="https://www.griffbereit-rucksack.de/fa/zielgruppen-griffbereit/#_ftnref1">[1]</a> Vgl. Länderübergreifender Lehrplan Erzieher/Erzieherin:</p>
<p><a href="http://www.berufsbildung.nrw.de/cms/upload/fs/download/sozial/laenderuebergr-lp-erzieher.pdf">http://www.berufsbildung.nrw.de/cms/upload/fs/download/sozial/laenderuebergr-lp-erzieher.pdf</a> (Stand: 30.07.2019).</p>

<div class="entry-summary">
<div class="entry-summary">
Eltern/Familien werden -orientiert an ihren Stärken- als Experten für die Förderung der Herkunfts-/Familiensprache(n) angesprochen.
</div>
<div class="link-more"><a href="https://www.griffbereit-rucksack.de/fa/zielgruppen-griffbereitmini/" class="more-link">Continue reading<span class="screen-reader-text"> &ldquo;Zielgruppen griffbereitMINI&rdquo;</span>&hellip;</a></div>
</div>
<div class="link-more"><a href="https://www.griffbereit-rucksack.de/fa/zielgruppen-griffbereitmini/" class="more-link">Continue reading<span class="screen-reader-text"> &ldquo;Zielgruppen griffbereitMINI&rdquo;</span>&hellip;</a></div>
