{"id":12367,"date":"2023-05-03T12:09:49","date_gmt":"2023-05-03T10:09:49","guid":{"rendered":"https:\/\/www.griffbereit-rucksack.de\/?page_id=12367"},"modified":"2023-05-11T09:22:55","modified_gmt":"2023-05-11T07:22:55","slug":"ablauf-griffbereitmini","status":"publish","type":"page","link":"https:\/\/www.griffbereit-rucksack.de\/fa\/ablauf-griffbereitmini\/","title":{"rendered":"Ablauf griffbereitMINI"},"content":{"rendered":"<h2>\n\t\tWie l\u00e4uft griffbereitMINI ab?\n\t<\/h2>\n\t<p>*Eltern nehmen bis zur Vollendung des ersten Lebensjahres ihrer Kinder mit diesen<strong> 1 x pro Woche (kann auch h\u00e4ufiger stattfinden, sofern der Bedarf bei den Familien besteht) <\/strong>an einer <em>griffbereitMINI<\/em>-Gruppe teil. Angeboten wird das Programm z.B. in KiTas, Familienzentren, anderen Bildungsinstitutionen und Orten wie Schwangerschaftsberatungsstellen, Hebammenpraxen etc., die Anlaufstellen f\u00fcr Familien sind.<\/p>\n<p><img decoding=\"async\" src=\"https:\/\/www.griffbereit-rucksack.de\/wp-content\/uploads\/2023\/05\/griffbereitMINI-Foto-II-744x456.png\" alt=\"\" width=\"744\" height=\"456\" \/><\/p>\n\t<p><strong>Charakteristisch f\u00fcr <em>griffbereitMINI<\/em>-Gruppen:<\/strong><\/p>\n<ul>\n<li>Die *Eltern-Kind-Interaktion (Spielen, Singen etc.) wird von eigens daf\u00fcr qualifizierten Gruppenbegleiter*innen angeleitet.<\/li>\n<li>In der <em>griffbereitMINI<\/em>-Gruppe werden immer zwei oder mehr Sprachen gesprochen: Deutsch UND die Familiensprache\/n der Teilnehmer*innen.<\/li>\n<\/ul>\n<p>Mit Alltagsmaterialien werden Spielanreize gegeben, \u00fcber die ganz spielerisch Sprachbildung passiert. *Eltern erfahren, in welchen Situationen sie ihr Kind mit Sprache begleiten k\u00f6nnen, welche Signale zur Kommunikation ihnen ihr Kind gibt usw. So erhalten sie alters- und entwicklungsgerechte Anregungen, die sie in den Alltag \u00fcbernehmen k\u00f6nnen. Dar\u00fcber hinaus k\u00f6nnen die *Eltern \u00fcber alle Themen in einem vertrauensvollen Umfeld sprechen, die sie bewegen.<\/p>","protected":false},"excerpt":{"rendered":"<div class=\"entry-summary\">\n<div class=\"entry-summary\">\nWie l\u00e4uft griffbereitMINI ab? *Eltern nehmen bis zur Vollendung des ersten Lebensjahres ihrer Kinder mit diesen 1 x&hellip;\n<\/div>\n<div class=\"link-more\"><a href=\"https:\/\/www.griffbereit-rucksack.de\/fa\/ablauf-griffbereitmini\/\" class=\"more-link\">Continue reading<span class=\"screen-reader-text\"> &ldquo;Ablauf griffbereitMINI&rdquo;<\/span>&hellip;<\/a><\/div>\n<\/div>\n<div class=\"link-more\"><a href=\"https:\/\/www.griffbereit-rucksack.de\/fa\/ablauf-griffbereitmini\/\" class=\"more-link\">Continue reading<span class=\"screen-reader-text\"> &ldquo;Ablauf griffbereitMINI&rdquo;<\/span>&hellip;<\/a><\/div>","protected":false},"author":1,"featured_media":0,"parent":0,"menu_order":0,"comment_status":"closed","ping_status":"closed","template":"","meta":{"_acf_changed":false,"footnotes":""},"class_list":["post-12367","page","type-page","status-publish","hentry","entry"],"acf":[],"_links":{"self":[{"href":"https:\/\/www.griffbereit-rucksack.de\/fa\/wp-json\/wp\/v2\/pages\/12367","targetHints":{"allow":["GET"]}}],"collection":[{"href":"https:\/\/www.griffbereit-rucksack.de\/fa\/wp-json\/wp\/v2\/pages"}],"about":[{"href":"https:\/\/www.griffbereit-rucksack.de\/fa\/wp-json\/wp\/v2\/types\/page"}],"author":[{"embeddable":true,"href":"https:\/\/www.griffbereit-rucksack.de\/fa\/wp-json\/wp\/v2\/users\/1"}],"replies":[{"embeddable":true,"href":"https:\/\/www.griffbereit-rucksack.de\/fa\/wp-json\/wp\/v2\/comments?post=12367"}],"version-history":[{"count":0,"href":"https:\/\/www.griffbereit-rucksack.de\/fa\/wp-json\/wp\/v2\/pages\/12367\/revisions"}],"wp:attachment":[{"href":"https:\/\/www.griffbereit-rucksack.de\/fa\/wp-json\/wp\/v2\/media?parent=12367"}],"curies":[{"name":"wp","href":"https:\/\/api.w.org\/{rel}","templated":true}]}}

<h2>
		Wie läuft griffbereitMINI ab?
	</h2>
	<p>*Eltern nehmen bis zur Vollendung des ersten Lebensjahres ihrer Kinder mit diesen<strong> 1 x pro Woche (kann auch häufiger stattfinden, sofern der Bedarf bei den Familien besteht) </strong>an einer <em>griffbereitMINI</em>-Gruppe teil. Angeboten wird das Programm z.B. in KiTas, Familienzentren, anderen Bildungsinstitutionen und Orten wie Schwangerschaftsberatungsstellen, Hebammenpraxen etc., die Anlaufstellen für Familien sind.</p>
<p><img decoding="async" src="https://www.griffbereit-rucksack.de/wp-content/uploads/2023/05/griffbereitMINI-Foto-II-744x456.png" alt="" width="744" height="456" /></p>
	<p><strong>Charakteristisch für <em>griffbereitMINI</em>-Gruppen:</strong></p>
<ul>
<li>Die *Eltern-Kind-Interaktion (Spielen, Singen etc.) wird von eigens dafür qualifizierten Gruppenbegleiter*innen angeleitet.</li>
<li>In der <em>griffbereitMINI</em>-Gruppe werden immer zwei oder mehr Sprachen gesprochen: Deutsch UND die Familiensprache/n der Teilnehmer*innen.</li>
</ul>
<p>Mit Alltagsmaterialien werden Spielanreize gegeben, über die ganz spielerisch Sprachbildung passiert. *Eltern erfahren, in welchen Situationen sie ihr Kind mit Sprache begleiten können, welche Signale zur Kommunikation ihnen ihr Kind gibt usw. So erhalten sie alters- und entwicklungsgerechte Anregungen, die sie in den Alltag übernehmen können. Darüber hinaus können die *Eltern über alle Themen in einem vertrauensvollen Umfeld sprechen, die sie bewegen.</p>

<div class="entry-summary">
<div class="entry-summary">
Wie läuft griffbereitMINI ab? *Eltern nehmen bis zur Vollendung des ersten Lebensjahres ihrer Kinder mit diesen 1 x&hellip;
</div>
<div class="link-more"><a href="https://www.griffbereit-rucksack.de/fa/ablauf-griffbereitmini/" class="more-link">Continue reading<span class="screen-reader-text"> &ldquo;Ablauf griffbereitMINI&rdquo;</span>&hellip;</a></div>
</div>
<div class="link-more"><a href="https://www.griffbereit-rucksack.de/fa/ablauf-griffbereitmini/" class="more-link">Continue reading<span class="screen-reader-text"> &ldquo;Ablauf griffbereitMINI&rdquo;</span>&hellip;</a></div>
