{"id":12366,"date":"2023-05-03T12:10:14","date_gmt":"2023-05-03T10:10:14","guid":{"rendered":"https:\/\/www.griffbereit-rucksack.de\/?page_id=12366"},"modified":"2023-05-10T20:25:40","modified_gmt":"2023-05-10T18:25:40","slug":"angebot-griffbereitmini","status":"publish","type":"page","link":"https:\/\/www.griffbereit-rucksack.de\/fa\/angebot-griffbereitmini\/","title":{"rendered":"Angebot griffbereitMINI"},"content":{"rendered":"<h2>\n\t\tWas leistet griffbereitMINI?\n\t<\/h2>\n\t<p><em>griffbereitMINI<\/em> f\u00f6rdert die fr\u00fchkindliche Entwicklung und im Besonderen die Sprachentwicklung durch kleinkindgerechte Aktivit\u00e4ten mit den *Eltern\/*Familien, wie z.B. gemeinsames Spielen und Singen in den Familiensprachen und auf Deutsch. Dies schafft eine wichtige Grundlage zum Erwerb von Sprachkompetenz.<\/p>\n<p><strong>Dabei bef\u00e4higt das Programm die *Eltern\/*Familien, selbst die Akteure zu sein, denn sie sind erste Sprachvorbilder und haben den engsten Bezug zu ihren Kindern im Alltag.<\/strong><\/p>\n\t<p>In sogenannten <em>griffbereitMINI<\/em>-Gruppen erfahren sie, wie sie ihre Kinder in der allgemeinen und sprachlichen Entwicklung st\u00e4rken k\u00f6nnen. Dabei werden sie von geschulten, meist mehrsprachigen Elternbegleiter*innen und\/oder p\u00e4dagogischen Fachkr\u00e4ften unterst\u00fctzt.<\/p>\n<p>Kleinkinder im ersten Lebensjahr mit und ohne Einwanderungsgeschichte kommen so schon sehr fr\u00fch mit Deutsch und weiteren Sprachen in Kontakt. Somit bietet <em>griffbereitMINI<\/em> die M\u00f6glichkeit, die <a href=\"https:\/\/www.griffbereit-rucksack.de\/fa\/mehrsprachigkeit\/\"><strong>MehrSprachigkeit als Potenzial der Kinder<\/strong><\/a> aufzugreifen.<\/p>","protected":false},"excerpt":{"rendered":"<div class=\"entry-summary\">\n<div class=\"entry-summary\">\nWas leistet griffbereitMINI? griffbereitMINI f\u00f6rdert die fr\u00fchkindliche Entwicklung und im Besonderen die Sprachentwicklung durch kleinkindgerechte Aktivit\u00e4ten mit den&hellip;\n<\/div>\n<div class=\"link-more\"><a href=\"https:\/\/www.griffbereit-rucksack.de\/fa\/angebot-griffbereitmini\/\" class=\"more-link\">Continue reading<span class=\"screen-reader-text\"> &ldquo;Angebot griffbereitMINI&rdquo;<\/span>&hellip;<\/a><\/div>\n<\/div>\n<div class=\"link-more\"><a href=\"https:\/\/www.griffbereit-rucksack.de\/fa\/angebot-griffbereitmini\/\" class=\"more-link\">Continue reading<span class=\"screen-reader-text\"> &ldquo;Angebot griffbereitMINI&rdquo;<\/span>&hellip;<\/a><\/div>","protected":false},"author":1,"featured_media":0,"parent":0,"menu_order":0,"comment_status":"closed","ping_status":"closed","template":"","meta":{"_acf_changed":false,"footnotes":""},"class_list":["post-12366","page","type-page","status-publish","hentry","entry"],"acf":[],"_links":{"self":[{"href":"https:\/\/www.griffbereit-rucksack.de\/fa\/wp-json\/wp\/v2\/pages\/12366","targetHints":{"allow":["GET"]}}],"collection":[{"href":"https:\/\/www.griffbereit-rucksack.de\/fa\/wp-json\/wp\/v2\/pages"}],"about":[{"href":"https:\/\/www.griffbereit-rucksack.de\/fa\/wp-json\/wp\/v2\/types\/page"}],"author":[{"embeddable":true,"href":"https:\/\/www.griffbereit-rucksack.de\/fa\/wp-json\/wp\/v2\/users\/1"}],"replies":[{"embeddable":true,"href":"https:\/\/www.griffbereit-rucksack.de\/fa\/wp-json\/wp\/v2\/comments?post=12366"}],"version-history":[{"count":0,"href":"https:\/\/www.griffbereit-rucksack.de\/fa\/wp-json\/wp\/v2\/pages\/12366\/revisions"}],"wp:attachment":[{"href":"https:\/\/www.griffbereit-rucksack.de\/fa\/wp-json\/wp\/v2\/media?parent=12366"}],"curies":[{"name":"wp","href":"https:\/\/api.w.org\/{rel}","templated":true}]}}

<h2>
		Was leistet griffbereitMINI?
	</h2>
	<p><em>griffbereitMINI</em> fördert die frühkindliche Entwicklung und im Besonderen die Sprachentwicklung durch kleinkindgerechte Aktivitäten mit den *Eltern/*Familien, wie z.B. gemeinsames Spielen und Singen in den Familiensprachen und auf Deutsch. Dies schafft eine wichtige Grundlage zum Erwerb von Sprachkompetenz.</p>
<p><strong>Dabei befähigt das Programm die *Eltern/*Familien, selbst die Akteure zu sein, denn sie sind erste Sprachvorbilder und haben den engsten Bezug zu ihren Kindern im Alltag.</strong></p>
	<p>In sogenannten <em>griffbereitMINI</em>-Gruppen erfahren sie, wie sie ihre Kinder in der allgemeinen und sprachlichen Entwicklung stärken können. Dabei werden sie von geschulten, meist mehrsprachigen Elternbegleiter*innen und/oder pädagogischen Fachkräften unterstützt.</p>
<p>Kleinkinder im ersten Lebensjahr mit und ohne Einwanderungsgeschichte kommen so schon sehr früh mit Deutsch und weiteren Sprachen in Kontakt. Somit bietet <em>griffbereitMINI</em> die Möglichkeit, die <a href="https://www.griffbereit-rucksack.de/fa/mehrsprachigkeit/"><strong>MehrSprachigkeit als Potenzial der Kinder</strong></a> aufzugreifen.</p>

<div class="entry-summary">
<div class="entry-summary">
Was leistet griffbereitMINI? griffbereitMINI fördert die frühkindliche Entwicklung und im Besonderen die Sprachentwicklung durch kleinkindgerechte Aktivitäten mit den&hellip;
</div>
<div class="link-more"><a href="https://www.griffbereit-rucksack.de/fa/angebot-griffbereitmini/" class="more-link">Continue reading<span class="screen-reader-text"> &ldquo;Angebot griffbereitMINI&rdquo;</span>&hellip;</a></div>
</div>
<div class="link-more"><a href="https://www.griffbereit-rucksack.de/fa/angebot-griffbereitmini/" class="more-link">Continue reading<span class="screen-reader-text"> &ldquo;Angebot griffbereitMINI&rdquo;</span>&hellip;</a></div>
