{"id":12924,"date":"2023-11-01T15:30:36","date_gmt":"2023-11-01T14:30:36","guid":{"rendered":"https:\/\/www.griffbereit-rucksack.de\/?page_id=12924"},"modified":"2023-11-13T15:35:18","modified_gmt":"2023-11-13T14:35:18","slug":"eb-konferenz","status":"publish","type":"page","link":"https:\/\/www.griffbereit-rucksack.de\/es\/eb-konferenz\/","title":{"rendered":"Conferencia de padres consejeros 2023"},"content":{"rendered":"<h1><strong>\u00a0<\/strong><\/h1>\n<p>Actualmente hay m\u00e1s de 750 asesores de padres activos en todo el pa\u00eds en griffbereitMINI y Griffbereit y m\u00e1s de 600 en Rucksack KiTa....<\/p>\n<p>Como asesores de padres, desempe\u00f1\u00e1is un papel clave porque habl\u00e1is los mismos idiomas y a veces ten\u00e9is situaciones familiares similares. Esto os permite ganaros m\u00e1s r\u00e1pidamente la confianza de las familias y tender un puente entre las situaciones educativas, las *familias y sus entornos vitales, as\u00ed como las comunidades.<\/p>\n<p>&nbsp;<\/p>\n<p>\u00a0<\/p>\n<p>&nbsp;<\/p>\n\t<h3><strong>04.12.23<\/strong><\/h3>\n\t<h4><strong>In situ: <\/strong><strong>08:45 &#8211; 16:45 Uhr<\/strong><\/h4>\n\t<h4><strong>Digital: 09:45 &#8211; 16:00 Uhr<\/strong><\/h4>\n\t<h3><strong>EN EL LUGAR<\/strong><\/h3>\n\t<h3><strong>DIGITAL<\/strong><\/h3>\n\t<h2><strong>INSCRIPCI\u00d3N PARA EL ACTO IN SITU<\/strong><\/h2>\n\tW\u00e4hlen Sie &#8222;ANMELDUNG VOR ORT&#8220;, wenn Sie in Pr\u00e4senz im ChorForum Essen an der EB-Konferenz teilnehmen m\u00f6chten. Im n\u00e4chsten Schritt k\u00f6nnen Sie ein Fachforum ausw\u00e4hlen.<br \/>\n\n\t\t\t<a href=\"https:\/\/www.griffbereit-rucksack.de\/es\/eb-konferenz-fachforen-vor-ort\/\" target=\"_self\" role=\"button\" rel=\"noopener\">\n\t\t\t\t\t\tINSCRIPCI\u00d3N IN SITU\n\t\t\t\t\t<\/a>\n\t<h2><strong>INSCRIPCI\u00d3N AL EVENTO DIGITAL<\/strong><\/h2>\n\tW\u00e4hlen Sie &#8222;ANMELDUNG DIGITAL&#8220;, wenn Sie von zu Hause \u00fcber Zoom an der EB-Konferenz teilnehmen m\u00f6chten. Im n\u00e4chsten Schritt k\u00f6nnen Sie ein Fachforum ausw\u00e4hlen.<br \/>\n\n\t\t\t<a href=\"https:\/\/www.griffbereit-rucksack.de\/es\/eb-konferenz-fachforen-digital\/\" target=\"_self\" role=\"button\" rel=\"noopener\">\n\t\t\t\t\t\tREGISTRO DIGITAL\n\t\t\t\t\t<\/a>","protected":false},"excerpt":{"rendered":"<div class=\"entry-summary\">\n<div class=\"entry-summary\">\n\u00a0 Actualmente hay m\u00e1s de 750 asesores de padres activos en todo el pa\u00eds en griffbereitMINI y Griffbereit y m\u00e1s de 600 en Rucksack KiTa....\n<\/div>\n<div class=\"link-more\"><a href=\"https:\/\/www.griffbereit-rucksack.de\/es\/eb-konferenz\/\" class=\"more-link\">Seguir leyendo<span class=\"screen-reader-text\"> &ldquo;Elternbegleiter*innen-Konferenz 2023&rdquo;<\/span>...<\/a><\/div>\n<\/div>\n<div class=\"link-more\"><a href=\"https:\/\/www.griffbereit-rucksack.de\/es\/eb-konferenz\/\" class=\"more-link\">Seguir leyendo<span class=\"screen-reader-text\"> &ldquo;Elternbegleiter*innen-Konferenz 2023&rdquo;<\/span>...<\/a><\/div>","protected":false},"author":1,"featured_media":0,"parent":0,"menu_order":0,"comment_status":"closed","ping_status":"closed","template":"","meta":{"_acf_changed":false,"footnotes":""},"class_list":["post-12924","page","type-page","status-publish","hentry","entry"],"acf":[],"_links":{"self":[{"href":"https:\/\/www.griffbereit-rucksack.de\/es\/wp-json\/wp\/v2\/pages\/12924","targetHints":{"allow":["GET"]}}],"collection":[{"href":"https:\/\/www.griffbereit-rucksack.de\/es\/wp-json\/wp\/v2\/pages"}],"about":[{"href":"https:\/\/www.griffbereit-rucksack.de\/es\/wp-json\/wp\/v2\/types\/page"}],"author":[{"embeddable":true,"href":"https:\/\/www.griffbereit-rucksack.de\/es\/wp-json\/wp\/v2\/users\/1"}],"replies":[{"embeddable":true,"href":"https:\/\/www.griffbereit-rucksack.de\/es\/wp-json\/wp\/v2\/comments?post=12924"}],"version-history":[{"count":0,"href":"https:\/\/www.griffbereit-rucksack.de\/es\/wp-json\/wp\/v2\/pages\/12924\/revisions"}],"wp:attachment":[{"href":"https:\/\/www.griffbereit-rucksack.de\/es\/wp-json\/wp\/v2\/media?parent=12924"}],"curies":[{"name":"wp","href":"https:\/\/api.w.org\/{rel}","templated":true}]}}

<h1><strong> </strong></h1>
<p>Actualmente hay más de 750 asesores de padres activos en todo el país en griffbereitMINI y Griffbereit y más de 600 en Rucksack KiTa....</p>
<p>Como asesores de padres, desempeñáis un papel clave porque habláis los mismos idiomas y a veces tenéis situaciones familiares similares. Esto os permite ganaros más rápidamente la confianza de las familias y tender un puente entre las situaciones educativas, las *familias y sus entornos vitales, así como las comunidades.</p>
<p>&nbsp;</p>
<p> </p>
<p>&nbsp;</p>
	<h3><strong>04.12.23</strong></h3>
	<h4><strong>In situ: </strong><strong>08:45 &#8211; 16:45 Uhr</strong></h4>
	<h4><strong>Digital: 09:45 &#8211; 16:00 Uhr</strong></h4>
	<h3><strong>EN EL LUGAR</strong></h3>
	<h3><strong>DIGITAL</strong></h3>
	<h2><strong>INSCRIPCIÓN PARA EL ACTO IN SITU</strong></h2>
	Wählen Sie &#8222;ANMELDUNG VOR ORT&#8220;, wenn Sie in Präsenz im ChorForum Essen an der EB-Konferenz teilnehmen möchten. Im nächsten Schritt können Sie ein Fachforum auswählen.<br />

			<a href="https://www.griffbereit-rucksack.de/es/eb-konferenz-fachforen-vor-ort/" target="_self" role="button" rel="noopener">
						INSCRIPCIÓN IN SITU
					</a>
	<h2><strong>INSCRIPCIÓN AL EVENTO DIGITAL</strong></h2>
	Wählen Sie &#8222;ANMELDUNG DIGITAL&#8220;, wenn Sie von zu Hause über Zoom an der EB-Konferenz teilnehmen möchten. Im nächsten Schritt können Sie ein Fachforum auswählen.<br />

			<a href="https://www.griffbereit-rucksack.de/es/eb-konferenz-fachforen-digital/" target="_self" role="button" rel="noopener">
						REGISTRO DIGITAL
					</a>

<div class="entry-summary">
<div class="entry-summary">
  Actualmente hay más de 750 asesores de padres activos en todo el país en griffbereitMINI y Griffbereit y más de 600 en Rucksack KiTa....
</div>
<div class="link-more"><a href="https://www.griffbereit-rucksack.de/es/eb-konferenz/" class="more-link">Seguir leyendo<span class="screen-reader-text"> &ldquo;Elternbegleiter*innen-Konferenz 2023&rdquo;</span>...</a></div>
</div>
<div class="link-more"><a href="https://www.griffbereit-rucksack.de/es/eb-konferenz/" class="more-link">Seguir leyendo<span class="screen-reader-text"> &ldquo;Elternbegleiter*innen-Konferenz 2023&rdquo;</span>...</a></div>
