{"id":12385,"date":"2023-05-03T13:03:01","date_gmt":"2023-05-03T11:03:01","guid":{"rendered":"https:\/\/www.griffbereit-rucksack.de\/?page_id=12385"},"modified":"2023-07-17T15:56:40","modified_gmt":"2023-07-17T13:56:40","slug":"organisatorisches-griffbereitmini","status":"publish","type":"page","link":"https:\/\/www.griffbereit-rucksack.de\/es\/organisatorisches-griffbereitmini\/","title":{"rendered":"Cuestiones de organizaci\u00f3n griffbereitMINI"},"content":{"rendered":"<p><strong>Puntos clave <em>griffbereitMINI<\/em>-grupo:<\/strong><\/p>\n<ul>\n<li>Tipo de acto: Actividades para padres e hijos en las respectivas *lenguas familiares<\/li>\n<li>Edad de los ni\u00f1os: desde nonatos hasta un a\u00f1o de edad<\/li>\n<li>N\u00famero de participantes: hasta 8 *padres\/*familias por grupo<\/li>\n<li>Frecuencia: regularmente una vez a la semana (tambi\u00e9n puede tener lugar con m\u00e1s frecuencia si las *familias lo necesitan) durante 90 minutos<\/li>\n<li>Duraci\u00f3n: hasta que el ni\u00f1o cumpla un a\u00f1o<\/li>\n<li>Gesti\u00f3n: 2 animadores de grupo (idealmente un especialista en pedagog\u00eda y un animador de padres; si no se puede realizar de otro modo, dos animadores de padres), pero al menos 1 persona en el papel de animador de grupo.<\/li>\n<\/ul>\n<strong><br \/>\nPapel de los animadores de grupo:<\/strong>\n<p>Es importante prestar atenci\u00f3n a los conocimientos ling\u00fc\u00edsticos de los padres asesores a la hora de seleccionarlos. En caso de doble plantilla, uno de los dos asesores de padres puede ser monoling\u00fce alem\u00e1n si el segundo responsable es multiling\u00fce y domina el alem\u00e1n como segunda lengua. De este modo, los asesores de padres tambi\u00e9n garantizan el uso coherente y fiable del multiling\u00fcismo en el grupo.<\/p>\n<p>MehrSprachigkeit, vielfaltsorientierte Zusammenarbeit und offenes Miteinander sind Eigenschaften, die die Gruppenbegleiter*innen -auch den *Eltern\/*Familien gegen\u00fcber-vorleben. Die Impulse, die von den Elternbegleiter*innen durch die Gestaltung der <em>griffbereitMINI-<\/em>Los grupos con actividades l\u00fadicas, canciones y sugerencias ofrecen a los padres\/familias nuevas ideas y seguridad para relacionarse con sus hijos y fortalecer la relaci\u00f3n en el seno de la familia.<\/p>\n<p>&nbsp;<\/p>\n\t<strong>Cualificaci\u00f3n de los animadores de grupo:<br \/>\n<\/strong>Los padres mentores son preparados para sus actividades antes del inicio del programa (concepto, objetivos y contenido del programa).\u00a0<em>griffbereitMINI<\/em>-programa<a href=\"https:\/\/www.griffbereit-rucksack.de\/es\/organisatorisches-griffbereit\/#_ftn1\">[1]<\/a>). Para garantizar una alta calidad en la realizaci\u00f3n del\u00a0<em>griffbereitMINI<\/em>-Para garantizar el \u00e9xito del grupo, los animadores del grupo deben tener acceso a un programa continuo de formaci\u00f3n continua.\n\t<strong>Organizaci\u00f3n de facilitadores de grupo:<\/strong><br \/>\nAdem\u00e1s de la formaci\u00f3n complementaria, se requiere el apoyo y el asesoramiento regulares de los animadores de grupo para el intercambio, la reflexi\u00f3n, la evaluaci\u00f3n y la preparaci\u00f3n y el seguimiento del trabajo en grupo. La orientaci\u00f3n y la formaci\u00f3n que acompa\u00f1an al programa se adaptan a las necesidades de los animadores de grupo. Dependiendo de la cualificaci\u00f3n profesional previa del personal educativo, no tienen por qu\u00e9 participar necesariamente en todas las partes del programa de formaci\u00f3n, por ejemplo. Tras la introducci\u00f3n del programa, deben celebrarse reuniones peri\u00f3dicas de intercambio y reflexi\u00f3n con todos los participantes (aproximadamente cada 6-8 semanas).\n<strong>Organizaci\u00f3n Coordinador del programa:<\/strong><br \/>\nEl instructor es responsable de presentar el programa, ayudar en el planteamiento y la composici\u00f3n de un\u00a0<em>griffbereitMINI<\/em>-grupo, poni\u00e9ndose en contacto y realizando gestiones con el personal educativo del centro en caso necesario, instruyendo a los padres cuidadores y proporcionando formaci\u00f3n adicional a los padres cuidadores y al personal educativo.\n\t<p><a href=\"#_ftnref1\" name=\"_ftn1\">[1]<\/a> Otros puntos centrales son: El papel de padre consejero, los materiales griffbereitMINI, la aplicaci\u00f3n pr\u00e1ctica, la reflexi\u00f3n, las cuestiones de salud, el apoyo cotidiano, etc.<\/p>","protected":false},"excerpt":{"rendered":"<div class=\"entry-summary\">\n<div class=\"entry-summary\">\nEckpunkte griffbereitMINI-Gruppe: Art der Veranstaltung: Eltern-Kind-Aktivit\u00e4ten in den jeweiligen *Familiensprachen Alter der Kinder: von ungeboren bis zu einem&hellip;\n<\/div>\n<div class=\"link-more\"><a href=\"https:\/\/www.griffbereit-rucksack.de\/es\/organisatorisches-griffbereitmini\/\" class=\"more-link\">Seguir leyendo<span class=\"screen-reader-text\"> &ldquo;Organisatorisches griffbereitMINI&rdquo;<\/span>...<\/a><\/div>\n<\/div>\n<div class=\"link-more\"><a href=\"https:\/\/www.griffbereit-rucksack.de\/es\/organisatorisches-griffbereitmini\/\" class=\"more-link\">Seguir leyendo<span class=\"screen-reader-text\"> &ldquo;Organisatorisches griffbereitMINI&rdquo;<\/span>...<\/a><\/div>","protected":false},"author":1,"featured_media":0,"parent":0,"menu_order":0,"comment_status":"closed","ping_status":"closed","template":"","meta":{"_acf_changed":false,"footnotes":""},"class_list":["post-12385","page","type-page","status-publish","hentry","entry"],"acf":[],"_links":{"self":[{"href":"https:\/\/www.griffbereit-rucksack.de\/es\/wp-json\/wp\/v2\/pages\/12385","targetHints":{"allow":["GET"]}}],"collection":[{"href":"https:\/\/www.griffbereit-rucksack.de\/es\/wp-json\/wp\/v2\/pages"}],"about":[{"href":"https:\/\/www.griffbereit-rucksack.de\/es\/wp-json\/wp\/v2\/types\/page"}],"author":[{"embeddable":true,"href":"https:\/\/www.griffbereit-rucksack.de\/es\/wp-json\/wp\/v2\/users\/1"}],"replies":[{"embeddable":true,"href":"https:\/\/www.griffbereit-rucksack.de\/es\/wp-json\/wp\/v2\/comments?post=12385"}],"version-history":[{"count":0,"href":"https:\/\/www.griffbereit-rucksack.de\/es\/wp-json\/wp\/v2\/pages\/12385\/revisions"}],"wp:attachment":[{"href":"https:\/\/www.griffbereit-rucksack.de\/es\/wp-json\/wp\/v2\/media?parent=12385"}],"curies":[{"name":"wp","href":"https:\/\/api.w.org\/{rel}","templated":true}]}}

Cuestiones de organización griffbereitMINI

<p><strong>Puntos clave <em>griffbereitMINI</em>-grupo:</strong></p>
<ul>
<li>Tipo de acto: Actividades para padres e hijos en las respectivas *lenguas familiares</li>
<li>Edad de los niños: desde nonatos hasta un año de edad</li>
<li>Número de participantes: hasta 8 *padres/*familias por grupo</li>
<li>Frecuencia: regularmente una vez a la semana (también puede tener lugar con más frecuencia si las *familias lo necesitan) durante 90 minutos</li>
<li>Duración: hasta que el niño cumpla un año</li>
<li>Gestión: 2 animadores de grupo (idealmente un especialista en pedagogía y un animador de padres; si no se puede realizar de otro modo, dos animadores de padres), pero al menos 1 persona en el papel de animador de grupo.</li>
</ul>
<strong><br />
Papel de los animadores de grupo:</strong>
<p>Es importante prestar atención a los conocimientos lingüísticos de los padres asesores a la hora de seleccionarlos. En caso de doble plantilla, uno de los dos asesores de padres puede ser monolingüe alemán si el segundo responsable es multilingüe y domina el alemán como segunda lengua. De este modo, los asesores de padres también garantizan el uso coherente y fiable del multilingüismo en el grupo.</p>
<p>MehrSprachigkeit, vielfaltsorientierte Zusammenarbeit und offenes Miteinander sind Eigenschaften, die die Gruppenbegleiter*innen -auch den *Eltern/*Familien gegenüber-vorleben. Die Impulse, die von den Elternbegleiter*innen durch die Gestaltung der <em>griffbereitMINI-</em>Los grupos con actividades lúdicas, canciones y sugerencias ofrecen a los padres/familias nuevas ideas y seguridad para relacionarse con sus hijos y fortalecer la relación en el seno de la familia.</p>
<p>&nbsp;</p>
	<strong>Cualificación de los animadores de grupo:<br />
</strong>Los padres mentores son preparados para sus actividades antes del inicio del programa (concepto, objetivos y contenido del programa). <em>griffbereitMINI</em>-programa<a href="https://www.griffbereit-rucksack.de/es/organisatorisches-griffbereit/#_ftn1">[1]</a>). Para garantizar una alta calidad en la realización del <em>griffbereitMINI</em>-Para garantizar el éxito del grupo, los animadores del grupo deben tener acceso a un programa continuo de formación continua.
	<strong>Organización de facilitadores de grupo:</strong><br />
Además de la formación complementaria, se requiere el apoyo y el asesoramiento regulares de los animadores de grupo para el intercambio, la reflexión, la evaluación y la preparación y el seguimiento del trabajo en grupo. La orientación y la formación que acompañan al programa se adaptan a las necesidades de los animadores de grupo. Dependiendo de la cualificación profesional previa del personal educativo, no tienen por qué participar necesariamente en todas las partes del programa de formación, por ejemplo. Tras la introducción del programa, deben celebrarse reuniones periódicas de intercambio y reflexión con todos los participantes (aproximadamente cada 6-8 semanas).
<strong>Organización Coordinador del programa:</strong><br />
El instructor es responsable de presentar el programa, ayudar en el planteamiento y la composición de un <em>griffbereitMINI</em>-grupo, poniéndose en contacto y realizando gestiones con el personal educativo del centro en caso necesario, instruyendo a los padres cuidadores y proporcionando formación adicional a los padres cuidadores y al personal educativo.
	<p><a href="#_ftnref1" name="_ftn1">[1]</a> Otros puntos centrales son: El papel de padre consejero, los materiales griffbereitMINI, la aplicación práctica, la reflexión, las cuestiones de salud, el apoyo cotidiano, etc.</p>

<div class="entry-summary">
<div class="entry-summary">
Eckpunkte griffbereitMINI-Gruppe: Art der Veranstaltung: Eltern-Kind-Aktivitäten in den jeweiligen *Familiensprachen Alter der Kinder: von ungeboren bis zu einem&hellip;
</div>
<div class="link-more"><a href="https://www.griffbereit-rucksack.de/es/organisatorisches-griffbereitmini/" class="more-link">Seguir leyendo<span class="screen-reader-text"> &ldquo;Organisatorisches griffbereitMINI&rdquo;</span>...</a></div>
</div>
<div class="link-more"><a href="https://www.griffbereit-rucksack.de/es/organisatorisches-griffbereitmini/" class="more-link">Seguir leyendo<span class="screen-reader-text"> &ldquo;Organisatorisches griffbereitMINI&rdquo;</span>...</a></div>
