{"id":12367,"date":"2023-05-03T12:09:49","date_gmt":"2023-05-03T10:09:49","guid":{"rendered":"https:\/\/www.griffbereit-rucksack.de\/?page_id=12367"},"modified":"2023-05-11T09:22:55","modified_gmt":"2023-05-11T07:22:55","slug":"ablauf-griffbereitmini","status":"publish","type":"page","link":"https:\/\/www.griffbereit-rucksack.de\/es\/ablauf-griffbereitmini\/","title":{"rendered":"Procedimiento griffbereitMINI"},"content":{"rendered":"<h2>\n\t\t\u00bfC\u00f3mo funciona griffbereitMINI?\n\t<\/h2>\n\t<p>*Los padres participan en estos programas hasta que sus hijos cumplen un a\u00f1o.<strong> 1 vez por semana (tambi\u00e9n puede tener lugar con m\u00e1s frecuencia si hay necesidad entre las familias) <\/strong>en un <em>griffbereitMINI<\/em>-grupo. El programa se ofrece, por ejemplo, en guarder\u00edas, centros familiares, otras instituciones educativas y lugares como centros de asesoramiento sobre el embarazo, consultas de matronas, etc. que son puntos de contacto para las familias.<\/p>\n<p><img decoding=\"async\" src=\"https:\/\/www.griffbereit-rucksack.de\/wp-content\/uploads\/2023\/05\/griffbereitMINI-Foto-II-744x456.png\" alt=\"\" width=\"744\" height=\"456\" \/><\/p>\n\t<p><strong>Caracter\u00edstica para <em>griffbereitMINI<\/em>-grupos:<\/strong><\/p>\n<ul>\n<li>La *interacci\u00f3n padres-hijos (jugar, cantar, etc.) est\u00e1 dirigida por animadores de grupo especialmente cualificados.<\/li>\n<li>En el <em>griffbereitMINI<\/em>-Siempre se hablan dos o m\u00e1s lenguas en el grupo: Alem\u00e1n Y la(s) lengua(s) familiar(es) de los participantes.<\/li>\n<\/ul>\n<p>Se utilizan materiales cotidianos para estimular el juego, a trav\u00e9s del cual tiene lugar el desarrollo del lenguaje de forma l\u00fadica. *Los padres aprenden en qu\u00e9 situaciones pueden acompa\u00f1ar a su hijo con el lenguaje, qu\u00e9 se\u00f1ales de comunicaci\u00f3n les da su hijo, etc. Esto les proporciona sugerencias adecuadas a su edad y desarrollo que pueden incorporar a su vida cotidiana. Adem\u00e1s, *los padres pueden hablar de cualquier tema que les preocupe en un ambiente de confianza.<\/p>","protected":false},"excerpt":{"rendered":"<div class=\"entry-summary\">\n<div class=\"entry-summary\">\nWie l\u00e4uft griffbereitMINI ab? *Eltern nehmen bis zur Vollendung des ersten Lebensjahres ihrer Kinder mit diesen 1 x&hellip;\n<\/div>\n<div class=\"link-more\"><a href=\"https:\/\/www.griffbereit-rucksack.de\/es\/ablauf-griffbereitmini\/\" class=\"more-link\">Seguir leyendo<span class=\"screen-reader-text\"> &ldquo;Ablauf griffbereitMINI&rdquo;<\/span>...<\/a><\/div>\n<\/div>\n<div class=\"link-more\"><a href=\"https:\/\/www.griffbereit-rucksack.de\/es\/ablauf-griffbereitmini\/\" class=\"more-link\">Seguir leyendo<span class=\"screen-reader-text\"> &ldquo;Ablauf griffbereitMINI&rdquo;<\/span>...<\/a><\/div>","protected":false},"author":1,"featured_media":0,"parent":0,"menu_order":0,"comment_status":"closed","ping_status":"closed","template":"","meta":{"_acf_changed":false,"footnotes":""},"class_list":["post-12367","page","type-page","status-publish","hentry","entry"],"acf":[],"_links":{"self":[{"href":"https:\/\/www.griffbereit-rucksack.de\/es\/wp-json\/wp\/v2\/pages\/12367","targetHints":{"allow":["GET"]}}],"collection":[{"href":"https:\/\/www.griffbereit-rucksack.de\/es\/wp-json\/wp\/v2\/pages"}],"about":[{"href":"https:\/\/www.griffbereit-rucksack.de\/es\/wp-json\/wp\/v2\/types\/page"}],"author":[{"embeddable":true,"href":"https:\/\/www.griffbereit-rucksack.de\/es\/wp-json\/wp\/v2\/users\/1"}],"replies":[{"embeddable":true,"href":"https:\/\/www.griffbereit-rucksack.de\/es\/wp-json\/wp\/v2\/comments?post=12367"}],"version-history":[{"count":0,"href":"https:\/\/www.griffbereit-rucksack.de\/es\/wp-json\/wp\/v2\/pages\/12367\/revisions"}],"wp:attachment":[{"href":"https:\/\/www.griffbereit-rucksack.de\/es\/wp-json\/wp\/v2\/media?parent=12367"}],"curies":[{"name":"wp","href":"https:\/\/api.w.org\/{rel}","templated":true}]}}

<h2>
		¿Cómo funciona griffbereitMINI?
	</h2>
	<p>*Los padres participan en estos programas hasta que sus hijos cumplen un año.<strong> 1 vez por semana (también puede tener lugar con más frecuencia si hay necesidad entre las familias) </strong>en un <em>griffbereitMINI</em>-grupo. El programa se ofrece, por ejemplo, en guarderías, centros familiares, otras instituciones educativas y lugares como centros de asesoramiento sobre el embarazo, consultas de matronas, etc. que son puntos de contacto para las familias.</p>
<p><img decoding="async" src="https://www.griffbereit-rucksack.de/wp-content/uploads/2023/05/griffbereitMINI-Foto-II-744x456.png" alt="" width="744" height="456" /></p>
	<p><strong>Característica para <em>griffbereitMINI</em>-grupos:</strong></p>
<ul>
<li>La *interacción padres-hijos (jugar, cantar, etc.) está dirigida por animadores de grupo especialmente cualificados.</li>
<li>En el <em>griffbereitMINI</em>-Siempre se hablan dos o más lenguas en el grupo: Alemán Y la(s) lengua(s) familiar(es) de los participantes.</li>
</ul>
<p>Se utilizan materiales cotidianos para estimular el juego, a través del cual tiene lugar el desarrollo del lenguaje de forma lúdica. *Los padres aprenden en qué situaciones pueden acompañar a su hijo con el lenguaje, qué señales de comunicación les da su hijo, etc. Esto les proporciona sugerencias adecuadas a su edad y desarrollo que pueden incorporar a su vida cotidiana. Además, *los padres pueden hablar de cualquier tema que les preocupe en un ambiente de confianza.</p>

<div class="entry-summary">
<div class="entry-summary">
Wie läuft griffbereitMINI ab? *Eltern nehmen bis zur Vollendung des ersten Lebensjahres ihrer Kinder mit diesen 1 x&hellip;
</div>
<div class="link-more"><a href="https://www.griffbereit-rucksack.de/es/ablauf-griffbereitmini/" class="more-link">Seguir leyendo<span class="screen-reader-text"> &ldquo;Ablauf griffbereitMINI&rdquo;</span>...</a></div>
</div>
<div class="link-more"><a href="https://www.griffbereit-rucksack.de/es/ablauf-griffbereitmini/" class="more-link">Seguir leyendo<span class="screen-reader-text"> &ldquo;Ablauf griffbereitMINI&rdquo;</span>...</a></div>
